{"id":1006641,"date":"2022-08-22T14:18:42","date_gmt":"2022-08-22T14:18:42","guid":{"rendered":"https:\/\/www.laorotava.es\/turismo\/?page_id=1006641"},"modified":"2022-08-22T14:20:17","modified_gmt":"2022-08-22T14:20:17","slug":"15-jardines-del-marquesado-de-la-quinta-roja-mausoleo-masonico","status":"publish","type":"page","link":"https:\/\/www.laorotava.es\/turismo\/15-jardines-del-marquesado-de-la-quinta-roja-mausoleo-masonico\/","title":{"rendered":"15. Jardines del Marquesado de la Quinta Roja. Mausoleo Mas\u00f3nico"},"content":{"rendered":"\t\t<div data-elementor-type=\"wp-page\" data-elementor-id=\"1006641\" class=\"elementor elementor-1006641\">\n\t\t\t\t\t\t<section class=\"elementor-section elementor-top-section elementor-element elementor-element-4c53e814 elementor-section-stretched elementor-section-boxed elementor-section-height-default elementor-section-height-default wpr-particle-no wpr-jarallax-no wpr-parallax-no wpr-sticky-section-no\" data-id=\"4c53e814\" data-element_type=\"section\" data-e-type=\"section\" data-settings=\"{&quot;stretch_section&quot;:&quot;section-stretched&quot;}\">\n\t\t\t\t\t\t<div class=\"elementor-container elementor-column-gap-default\">\n\t\t\t\t\t<div class=\"elementor-column elementor-col-100 elementor-top-column elementor-element elementor-element-643d7a2f\" data-id=\"643d7a2f\" data-element_type=\"column\" data-e-type=\"column\">\n\t\t\t<div class=\"elementor-widget-wrap elementor-element-populated\">\n\t\t\t\t\t\t<div class=\"elementor-element elementor-element-6be4adea elementor-widget elementor-widget-heading\" data-id=\"6be4adea\" data-element_type=\"widget\" data-e-type=\"widget\" data-widget_type=\"heading.default\">\n\t\t\t\t<div class=\"elementor-widget-container\">\n\t\t\t\t\t<h2 class=\"elementor-heading-title elementor-size-small\">15. Jardines del Marquesado de la Quinta Roja. Mausoleo Mas\u00f3nico\n<\/h2>\t\t\t\t<\/div>\n\t\t\t\t<\/div>\n\t\t\t\t<div class=\"elementor-element elementor-element-539e9c08 elementor-widget-divider--view-line elementor-widget elementor-widget-divider\" data-id=\"539e9c08\" data-element_type=\"widget\" data-e-type=\"widget\" data-widget_type=\"divider.default\">\n\t\t\t\t<div class=\"elementor-widget-container\">\n\t\t\t\t\t\t\t<div class=\"elementor-divider\">\n\t\t\t<span class=\"elementor-divider-separator\">\n\t\t\t\t\t\t<\/span>\n\t\t<\/div>\n\t\t\t\t\t\t<\/div>\n\t\t\t\t<\/div>\n\t\t\t\t<div class=\"elementor-element elementor-element-25e634d elementor-widget elementor-widget-wp-widget-media_audio\" data-id=\"25e634d\" data-element_type=\"widget\" data-e-type=\"widget\" data-widget_type=\"wp-widget-media_audio.default\">\n\t\t\t\t<div class=\"elementor-widget-container\">\n\t\t\t\t\t<audio class=\"wp-audio-shortcode\" id=\"audio-1006641-1\" preload=\"none\" style=\"width: 100%;\" controls=\"controls\"><source type=\"audio\/mpeg\" src=\"https:\/\/www.laorotava.es\/turismo\/wp-content\/uploads\/2019\/10\/15_ra_jardines_de_la_quinta_roja_0.mp3?_=1\" \/><source type=\"audio\/mpeg\" src=\"https:\/\/www.laorotava.es\/turismo\/wp-content\/uploads\/2019\/10\/15_ra_jardines_de_la_quinta_roja_0.mp3?_=1\" \/><a href=\"https:\/\/www.laorotava.es\/turismo\/wp-content\/uploads\/2019\/10\/15_ra_jardines_de_la_quinta_roja_0.mp3\">https:\/\/www.laorotava.es\/turismo\/wp-content\/uploads\/2019\/10\/15_ra_jardines_de_la_quinta_roja_0.mp3<\/a><\/audio>\t\t\t\t<\/div>\n\t\t\t\t<\/div>\n\t\t\t\t<div class=\"elementor-element elementor-element-28470822 elementor-widget elementor-widget-text-editor\" data-id=\"28470822\" data-element_type=\"widget\" data-e-type=\"widget\" data-widget_type=\"text-editor.default\">\n\t\t\t\t<div class=\"elementor-widget-container\">\n\t\t\t\t\t\t\t\t\t<p><span style=\"color: #444444;\"><img decoding=\"async\" class=\"alignleft\" src=\"https:\/\/www.laorotava.es\/sites\/default\/files\/styles\/large\/public\/rutas\/15.png?itok=aIXgRn9R\" \/><\/span><\/p><p><span style=\"color: #444444;\">Estos jardines formaban parte, hasta comienzos del siglo XX, de las propiedades de los marqueses de la Quinta Roja y constitu\u00edan un anexo a la vivienda familiar.<\/span><\/p><p><span style=\"color: #444444;\">Este es un espacio de simbolismo mas\u00f3nico \u00fanico en las islas. Est\u00e1 formado por terrazas escalonadas unidas por paseos serpenteantes. En lo m\u00e1s alto encontramos un mausoleo que fue dise\u00f1ado originalmente como pante\u00f3n familiar, pero nunca lleg\u00f3 a usarse como tal.<\/span><\/p><p><span style=\"color: #444444;\">El jard\u00edn fue ideado a finales del siglo XIX por Do\u00f1a Sebastiana del Castillo y Manrique de Lara en previsi\u00f3n de que su hijo, el marqu\u00e9s Diego Ponte del Castillo no pudiese ser enterrado en el cementerio local, ya que las autoridades eclesi\u00e1sticas le hab\u00edan negado sepultura por su condici\u00f3n de mas\u00f3n. Tras a\u00f1os de pleitos con la iglesia, los restos de su hijo fueron finalmente inhumados en el pante\u00f3n familiar del cementerio, dejando este mausoleo vac\u00edo hasta nuestros d\u00edas.<\/span><\/p><p><span style=\"color: #444444;\">Algunos autores consideran que los jardines fueron proyectados como una met\u00e1fora de la realizaci\u00f3n c\u00f3smica y humana, aprovechando el desnivel natural del terreno. Las siete terrazas, repletas de elementos simb\u00f3licos, reflejan el ascenso hacia el cielo, representado por el mausoleo. Seg\u00fan esta teor\u00eda, cada terraza tendr\u00eda una significaci\u00f3n concreta y el jard\u00edn en su conjunto representar\u00eda el camino de la iluminaci\u00f3n humana, desde el nacimiento, cuya met\u00e1fora es la terraza inferior, hasta alcanzar el conocimiento, cuya imagen es el templo del mausoleo.<\/span><\/p><p><span style=\"color: #444444;\">Continuemos ahora hacia el final de la ruta de la Orotava Secreta. Atravesando las terrazas cruzaremos un peque\u00f1o puente de madera que cruza el barranco. Desde ah\u00ed bajaremos por el lateral del Liceo Taoro hasta la plaza de la Constituci\u00f3n, que se sit\u00faa sobre los soportales de la Oficina Municipal de Turismo, inicio de esta ruta.<\/span><\/p>\t\t\t\t\t\t\t\t<\/div>\n\t\t\t\t<\/div>\n\t\t\t\t<div class=\"elementor-element elementor-element-1da5b933 elementor-widget elementor-widget-google_maps\" data-id=\"1da5b933\" data-element_type=\"widget\" data-e-type=\"widget\" data-widget_type=\"google_maps.default\">\n\t\t\t\t<div class=\"elementor-widget-container\">\n\t\t\t\t\t\t\t<div class=\"elementor-custom-embed\">\n\t\t\t<iframe loading=\"lazy\"\n\t\t\t\t\tsrc=\"https:\/\/maps.google.com\/maps?q=jardines%20del%20marquesado%20de%20la%20quinta%20roja&#038;t=m&#038;z=16&#038;output=embed&#038;iwloc=near\"\n\t\t\t\t\ttitle=\"jardines del marquesado de la quinta roja\"\n\t\t\t\t\taria-label=\"jardines del marquesado de la quinta roja\"\n\t\t\t><\/iframe>\n\t\t<\/div>\n\t\t\t\t\t\t<\/div>\n\t\t\t\t<\/div>\n\t\t\t\t\t<\/div>\n\t\t<\/div>\n\t\t\t\t\t<\/div>\n\t\t<\/section>\n\t\t\t\t<\/div>\n\t\t","protected":false},"excerpt":{"rendered":"<p>15. Jardines del Marquesado de la Quinta Roja. Mausoleo Mas\u00f3nico Estos jardines formaban parte, hasta comienzos del siglo XX, de las propiedades de los marqueses de la Quinta Roja y constitu\u00edan un anexo a la vivienda familiar. Este es un espacio de simbolismo mas\u00f3nico \u00fanico en las islas. Est\u00e1 formado por terrazas escalonadas unidas por paseos serpenteantes. En lo m\u00e1s alto encontramos un mausoleo que fue dise\u00f1ado originalmente como pante\u00f3n familiar, pero nunca lleg\u00f3 a usarse como tal. El jard\u00edn fue ideado a finales del siglo XIX por Do\u00f1a Sebastiana del Castillo y Manrique de Lara en previsi\u00f3n de que su hijo, el marqu\u00e9s Diego Ponte del Castillo no pudiese ser enterrado en el cementerio local, ya que las autoridades eclesi\u00e1sticas le hab\u00edan negado sepultura por su condici\u00f3n de mas\u00f3n. Tras a\u00f1os de pleitos con la iglesia, los restos de su hijo fueron finalmente inhumados en el pante\u00f3n familiar del cementerio, dejando este mausoleo vac\u00edo hasta nuestros d\u00edas. Algunos autores consideran que los jardines fueron proyectados como una met\u00e1fora de la realizaci\u00f3n c\u00f3smica y humana, aprovechando el desnivel natural del terreno. Las siete terrazas, repletas de elementos simb\u00f3licos, reflejan el ascenso hacia el cielo, representado por el mausoleo. Seg\u00fan esta teor\u00eda, cada terraza tendr\u00eda una significaci\u00f3n concreta y el jard\u00edn en su conjunto representar\u00eda el camino de la iluminaci\u00f3n humana, desde el nacimiento, cuya met\u00e1fora es la terraza inferior, hasta alcanzar el conocimiento, cuya imagen es el templo del mausoleo. Continuemos ahora hacia el final de la ruta de la Orotava Secreta. Atravesando las terrazas cruzaremos un peque\u00f1o puente de madera que cruza el barranco. Desde ah\u00ed bajaremos por el lateral del Liceo Taoro hasta la plaza de la Constituci\u00f3n, que se sit\u00faa sobre los soportales de la Oficina Municipal de Turismo, inicio de esta ruta.<\/p>\n","protected":false},"author":3,"featured_media":0,"parent":0,"menu_order":0,"comment_status":"closed","ping_status":"closed","template":"","meta":{"_acf_changed":false,"ocean_post_layout":"","ocean_both_sidebars_style":"","ocean_both_sidebars_content_width":0,"ocean_both_sidebars_sidebars_width":0,"ocean_sidebar":"0","ocean_second_sidebar":"0","ocean_disable_margins":"enable","ocean_add_body_class":"","ocean_shortcode_before_top_bar":"","ocean_shortcode_after_top_bar":"","ocean_shortcode_before_header":"","ocean_shortcode_after_header":"","ocean_has_shortcode":"","ocean_shortcode_after_title":"","ocean_shortcode_before_footer_widgets":"","ocean_shortcode_after_footer_widgets":"","ocean_shortcode_before_footer_bottom":"","ocean_shortcode_after_footer_bottom":"","ocean_display_top_bar":"default","ocean_display_header":"default","ocean_header_style":"","ocean_center_header_left_menu":"0","ocean_custom_header_template":"0","ocean_custom_logo":0,"ocean_custom_retina_logo":0,"ocean_custom_logo_max_width":0,"ocean_custom_logo_tablet_max_width":0,"ocean_custom_logo_mobile_max_width":0,"ocean_custom_logo_max_height":0,"ocean_custom_logo_tablet_max_height":0,"ocean_custom_logo_mobile_max_height":0,"ocean_header_custom_menu":"0","ocean_menu_typo_font_family":"0","ocean_menu_typo_font_subset":"","ocean_menu_typo_font_size":0,"ocean_menu_typo_font_size_tablet":0,"ocean_menu_typo_font_size_mobile":0,"ocean_menu_typo_font_size_unit":"px","ocean_menu_typo_font_weight":"","ocean_menu_typo_font_weight_tablet":"","ocean_menu_typo_font_weight_mobile":"","ocean_menu_typo_transform":"","ocean_menu_typo_transform_tablet":"","ocean_menu_typo_transform_mobile":"","ocean_menu_typo_line_height":0,"ocean_menu_typo_line_height_tablet":0,"ocean_menu_typo_line_height_mobile":0,"ocean_menu_typo_line_height_unit":"","ocean_menu_typo_spacing":0,"ocean_menu_typo_spacing_tablet":0,"ocean_menu_typo_spacing_mobile":0,"ocean_menu_typo_spacing_unit":"","ocean_menu_link_color":"","ocean_menu_link_color_hover":"","ocean_menu_link_color_active":"","ocean_menu_link_background":"","ocean_menu_link_hover_background":"","ocean_menu_link_active_background":"","ocean_menu_social_links_bg":"","ocean_menu_social_hover_links_bg":"","ocean_menu_social_links_color":"","ocean_menu_social_hover_links_color":"","ocean_disable_title":"default","ocean_disable_heading":"on","ocean_post_title":"","ocean_post_subheading":"","ocean_post_title_style":"","ocean_post_title_background_color":"","ocean_post_title_background":0,"ocean_post_title_bg_image_position":"","ocean_post_title_bg_image_attachment":"","ocean_post_title_bg_image_repeat":"","ocean_post_title_bg_image_size":"","ocean_post_title_height":0,"ocean_post_title_bg_overlay":0.5,"ocean_post_title_bg_overlay_color":"","ocean_disable_breadcrumbs":"default","ocean_breadcrumbs_color":"","ocean_breadcrumbs_separator_color":"","ocean_breadcrumbs_links_color":"","ocean_breadcrumbs_links_hover_color":"","ocean_display_footer_widgets":"default","ocean_display_footer_bottom":"default","ocean_custom_footer_template":"0","footnotes":""},"class_list":["post-1006641","page","type-page","status-publish","hentry","entry"],"acf":[],"yoast_head":"<!-- This site is optimized with the Yoast SEO plugin v27.2 - https:\/\/yoast.com\/product\/yoast-seo-wordpress\/ -->\n<title>15. Jardines del Marquesado de la Quinta Roja. Mausoleo Mas\u00f3nico - Web de Turismo del Ayuntamiento de La Orotava<\/title>\n<meta name=\"robots\" content=\"index, follow, max-snippet:-1, max-image-preview:large, max-video-preview:-1\" \/>\n<link rel=\"canonical\" href=\"https:\/\/www.laorotava.es\/turismo\/15-jardines-del-marquesado-de-la-quinta-roja-mausoleo-masonico\/\" \/>\n<meta property=\"og:locale\" content=\"es_ES\" \/>\n<meta property=\"og:type\" content=\"article\" \/>\n<meta property=\"og:title\" content=\"15. Jardines del Marquesado de la Quinta Roja. Mausoleo Mas\u00f3nico - Web de Turismo del Ayuntamiento de La Orotava\" \/>\n<meta property=\"og:description\" content=\"15. Jardines del Marquesado de la Quinta Roja. Mausoleo Mas\u00f3nico Estos jardines formaban parte, hasta comienzos del siglo XX, de las propiedades de los marqueses de la Quinta Roja y constitu\u00edan un anexo a la vivienda familiar. Este es un espacio de simbolismo mas\u00f3nico \u00fanico en las islas. Est\u00e1 formado por terrazas escalonadas unidas por paseos serpenteantes. En lo m\u00e1s alto encontramos un mausoleo que fue dise\u00f1ado originalmente como pante\u00f3n familiar, pero nunca lleg\u00f3 a usarse como tal. El jard\u00edn fue ideado a finales del siglo XIX por Do\u00f1a Sebastiana del Castillo y Manrique de Lara en previsi\u00f3n de que su hijo, el marqu\u00e9s Diego Ponte del Castillo no pudiese ser enterrado en el cementerio local, ya que las autoridades eclesi\u00e1sticas le hab\u00edan negado sepultura por su condici\u00f3n de mas\u00f3n. Tras a\u00f1os de pleitos con la iglesia, los restos de su hijo fueron finalmente inhumados en el pante\u00f3n familiar del cementerio, dejando este mausoleo vac\u00edo hasta nuestros d\u00edas. Algunos autores consideran que los jardines fueron proyectados como una met\u00e1fora de la realizaci\u00f3n c\u00f3smica y humana, aprovechando el desnivel natural del terreno. Las siete terrazas, repletas de elementos simb\u00f3licos, reflejan el ascenso hacia el cielo, representado por el mausoleo. Seg\u00fan esta teor\u00eda, cada terraza tendr\u00eda una significaci\u00f3n concreta y el jard\u00edn en su conjunto representar\u00eda el camino de la iluminaci\u00f3n humana, desde el nacimiento, cuya met\u00e1fora es la terraza inferior, hasta alcanzar el conocimiento, cuya imagen es el templo del mausoleo. Continuemos ahora hacia el final de la ruta de la Orotava Secreta. Atravesando las terrazas cruzaremos un peque\u00f1o puente de madera que cruza el barranco. Desde ah\u00ed bajaremos por el lateral del Liceo Taoro hasta la plaza de la Constituci\u00f3n, que se sit\u00faa sobre los soportales de la Oficina Municipal de Turismo, inicio de esta ruta.\" \/>\n<meta property=\"og:url\" content=\"https:\/\/www.laorotava.es\/turismo\/15-jardines-del-marquesado-de-la-quinta-roja-mausoleo-masonico\/\" \/>\n<meta property=\"og:site_name\" content=\"Web de Turismo del Ayuntamiento de La Orotava\" \/>\n<meta property=\"article:publisher\" content=\"https:\/\/www.facebook.com\/TurismoLaOrotava\/\" \/>\n<meta property=\"article:modified_time\" content=\"2022-08-22T14:20:17+00:00\" \/>\n<meta property=\"og:image\" content=\"https:\/\/www.laorotava.es\/sites\/default\/files\/styles\/large\/public\/rutas\/15.png?itok=aIXgRn9R\" \/>\n<meta name=\"twitter:card\" content=\"summary_large_image\" \/>\n<meta name=\"twitter:site\" content=\"@LaOrotava\" \/>\n<meta name=\"twitter:label1\" content=\"Tiempo de lectura\" \/>\n\t<meta name=\"twitter:data1\" content=\"2 minutos\" \/>\n<script type=\"application\/ld+json\" class=\"yoast-schema-graph\">{\"@context\":\"https:\/\/schema.org\",\"@graph\":[{\"@type\":\"WebPage\",\"@id\":\"https:\/\/www.laorotava.es\/turismo\/15-jardines-del-marquesado-de-la-quinta-roja-mausoleo-masonico\/\",\"url\":\"https:\/\/www.laorotava.es\/turismo\/15-jardines-del-marquesado-de-la-quinta-roja-mausoleo-masonico\/\",\"name\":\"15. Jardines del Marquesado de la Quinta Roja. Mausoleo Mas\u00f3nico - Web de Turismo del Ayuntamiento de La Orotava\",\"isPartOf\":{\"@id\":\"https:\/\/www.laorotava.es\/turismo\/#website\"},\"primaryImageOfPage\":{\"@id\":\"https:\/\/www.laorotava.es\/turismo\/15-jardines-del-marquesado-de-la-quinta-roja-mausoleo-masonico\/#primaryimage\"},\"image\":{\"@id\":\"https:\/\/www.laorotava.es\/turismo\/15-jardines-del-marquesado-de-la-quinta-roja-mausoleo-masonico\/#primaryimage\"},\"thumbnailUrl\":\"https:\/\/www.laorotava.es\/sites\/default\/files\/styles\/large\/public\/rutas\/15.png?itok=aIXgRn9R\",\"datePublished\":\"2022-08-22T14:18:42+00:00\",\"dateModified\":\"2022-08-22T14:20:17+00:00\",\"breadcrumb\":{\"@id\":\"https:\/\/www.laorotava.es\/turismo\/15-jardines-del-marquesado-de-la-quinta-roja-mausoleo-masonico\/#breadcrumb\"},\"inLanguage\":\"es\",\"potentialAction\":[{\"@type\":\"ReadAction\",\"target\":[\"https:\/\/www.laorotava.es\/turismo\/15-jardines-del-marquesado-de-la-quinta-roja-mausoleo-masonico\/\"]}]},{\"@type\":\"ImageObject\",\"inLanguage\":\"es\",\"@id\":\"https:\/\/www.laorotava.es\/turismo\/15-jardines-del-marquesado-de-la-quinta-roja-mausoleo-masonico\/#primaryimage\",\"url\":\"https:\/\/www.laorotava.es\/sites\/default\/files\/styles\/large\/public\/rutas\/15.png?itok=aIXgRn9R\",\"contentUrl\":\"https:\/\/www.laorotava.es\/sites\/default\/files\/styles\/large\/public\/rutas\/15.png?itok=aIXgRn9R\"},{\"@type\":\"BreadcrumbList\",\"@id\":\"https:\/\/www.laorotava.es\/turismo\/15-jardines-del-marquesado-de-la-quinta-roja-mausoleo-masonico\/#breadcrumb\",\"itemListElement\":[{\"@type\":\"ListItem\",\"position\":1,\"name\":\"Portada\",\"item\":\"https:\/\/www.laorotava.es\/turismo\/\"},{\"@type\":\"ListItem\",\"position\":2,\"name\":\"15. Jardines del Marquesado de la Quinta Roja. Mausoleo Mas\u00f3nico\"}]},{\"@type\":\"WebSite\",\"@id\":\"https:\/\/www.laorotava.es\/turismo\/#website\",\"url\":\"https:\/\/www.laorotava.es\/turismo\/\",\"name\":\"Web de Turismo del Ayuntamiento de La Orotava\",\"description\":\"\",\"publisher\":{\"@id\":\"https:\/\/www.laorotava.es\/turismo\/#organization\"},\"potentialAction\":[{\"@type\":\"SearchAction\",\"target\":{\"@type\":\"EntryPoint\",\"urlTemplate\":\"https:\/\/www.laorotava.es\/turismo\/?s={search_term_string}\"},\"query-input\":{\"@type\":\"PropertyValueSpecification\",\"valueRequired\":true,\"valueName\":\"search_term_string\"}}],\"inLanguage\":\"es\"},{\"@type\":\"Organization\",\"@id\":\"https:\/\/www.laorotava.es\/turismo\/#organization\",\"name\":\"Ayuntamiento de La Orotava\",\"url\":\"https:\/\/www.laorotava.es\/turismo\/\",\"logo\":{\"@type\":\"ImageObject\",\"inLanguage\":\"es\",\"@id\":\"https:\/\/www.laorotava.es\/turismo\/#\/schema\/logo\/image\/\",\"url\":\"https:\/\/www.laorotava.es\/turismo\/wp-content\/uploads\/2022\/08\/logo.png\",\"contentUrl\":\"https:\/\/www.laorotava.es\/turismo\/wp-content\/uploads\/2022\/08\/logo.png\",\"width\":1195,\"height\":180,\"caption\":\"Ayuntamiento de La Orotava\"},\"image\":{\"@id\":\"https:\/\/www.laorotava.es\/turismo\/#\/schema\/logo\/image\/\"},\"sameAs\":[\"https:\/\/www.facebook.com\/TurismoLaOrotava\/\",\"https:\/\/x.com\/LaOrotava\"]}]}<\/script>\n<!-- \/ Yoast SEO plugin. -->","yoast_head_json":{"title":"15. Jardines del Marquesado de la Quinta Roja. Mausoleo Mas\u00f3nico - Web de Turismo del Ayuntamiento de La Orotava","robots":{"index":"index","follow":"follow","max-snippet":"max-snippet:-1","max-image-preview":"max-image-preview:large","max-video-preview":"max-video-preview:-1"},"canonical":"https:\/\/www.laorotava.es\/turismo\/15-jardines-del-marquesado-de-la-quinta-roja-mausoleo-masonico\/","og_locale":"es_ES","og_type":"article","og_title":"15. Jardines del Marquesado de la Quinta Roja. Mausoleo Mas\u00f3nico - Web de Turismo del Ayuntamiento de La Orotava","og_description":"15. Jardines del Marquesado de la Quinta Roja. Mausoleo Mas\u00f3nico Estos jardines formaban parte, hasta comienzos del siglo XX, de las propiedades de los marqueses de la Quinta Roja y constitu\u00edan un anexo a la vivienda familiar. Este es un espacio de simbolismo mas\u00f3nico \u00fanico en las islas. Est\u00e1 formado por terrazas escalonadas unidas por paseos serpenteantes. En lo m\u00e1s alto encontramos un mausoleo que fue dise\u00f1ado originalmente como pante\u00f3n familiar, pero nunca lleg\u00f3 a usarse como tal. El jard\u00edn fue ideado a finales del siglo XIX por Do\u00f1a Sebastiana del Castillo y Manrique de Lara en previsi\u00f3n de que su hijo, el marqu\u00e9s Diego Ponte del Castillo no pudiese ser enterrado en el cementerio local, ya que las autoridades eclesi\u00e1sticas le hab\u00edan negado sepultura por su condici\u00f3n de mas\u00f3n. Tras a\u00f1os de pleitos con la iglesia, los restos de su hijo fueron finalmente inhumados en el pante\u00f3n familiar del cementerio, dejando este mausoleo vac\u00edo hasta nuestros d\u00edas. Algunos autores consideran que los jardines fueron proyectados como una met\u00e1fora de la realizaci\u00f3n c\u00f3smica y humana, aprovechando el desnivel natural del terreno. Las siete terrazas, repletas de elementos simb\u00f3licos, reflejan el ascenso hacia el cielo, representado por el mausoleo. Seg\u00fan esta teor\u00eda, cada terraza tendr\u00eda una significaci\u00f3n concreta y el jard\u00edn en su conjunto representar\u00eda el camino de la iluminaci\u00f3n humana, desde el nacimiento, cuya met\u00e1fora es la terraza inferior, hasta alcanzar el conocimiento, cuya imagen es el templo del mausoleo. Continuemos ahora hacia el final de la ruta de la Orotava Secreta. Atravesando las terrazas cruzaremos un peque\u00f1o puente de madera que cruza el barranco. Desde ah\u00ed bajaremos por el lateral del Liceo Taoro hasta la plaza de la Constituci\u00f3n, que se sit\u00faa sobre los soportales de la Oficina Municipal de Turismo, inicio de esta ruta.","og_url":"https:\/\/www.laorotava.es\/turismo\/15-jardines-del-marquesado-de-la-quinta-roja-mausoleo-masonico\/","og_site_name":"Web de Turismo del Ayuntamiento de La Orotava","article_publisher":"https:\/\/www.facebook.com\/TurismoLaOrotava\/","article_modified_time":"2022-08-22T14:20:17+00:00","og_image":[{"url":"https:\/\/www.laorotava.es\/sites\/default\/files\/styles\/large\/public\/rutas\/15.png?itok=aIXgRn9R","type":"","width":"","height":""}],"twitter_card":"summary_large_image","twitter_site":"@LaOrotava","twitter_misc":{"Tiempo de lectura":"2 minutos"},"schema":{"@context":"https:\/\/schema.org","@graph":[{"@type":"WebPage","@id":"https:\/\/www.laorotava.es\/turismo\/15-jardines-del-marquesado-de-la-quinta-roja-mausoleo-masonico\/","url":"https:\/\/www.laorotava.es\/turismo\/15-jardines-del-marquesado-de-la-quinta-roja-mausoleo-masonico\/","name":"15. Jardines del Marquesado de la Quinta Roja. Mausoleo Mas\u00f3nico - Web de Turismo del Ayuntamiento de La Orotava","isPartOf":{"@id":"https:\/\/www.laorotava.es\/turismo\/#website"},"primaryImageOfPage":{"@id":"https:\/\/www.laorotava.es\/turismo\/15-jardines-del-marquesado-de-la-quinta-roja-mausoleo-masonico\/#primaryimage"},"image":{"@id":"https:\/\/www.laorotava.es\/turismo\/15-jardines-del-marquesado-de-la-quinta-roja-mausoleo-masonico\/#primaryimage"},"thumbnailUrl":"https:\/\/www.laorotava.es\/sites\/default\/files\/styles\/large\/public\/rutas\/15.png?itok=aIXgRn9R","datePublished":"2022-08-22T14:18:42+00:00","dateModified":"2022-08-22T14:20:17+00:00","breadcrumb":{"@id":"https:\/\/www.laorotava.es\/turismo\/15-jardines-del-marquesado-de-la-quinta-roja-mausoleo-masonico\/#breadcrumb"},"inLanguage":"es","potentialAction":[{"@type":"ReadAction","target":["https:\/\/www.laorotava.es\/turismo\/15-jardines-del-marquesado-de-la-quinta-roja-mausoleo-masonico\/"]}]},{"@type":"ImageObject","inLanguage":"es","@id":"https:\/\/www.laorotava.es\/turismo\/15-jardines-del-marquesado-de-la-quinta-roja-mausoleo-masonico\/#primaryimage","url":"https:\/\/www.laorotava.es\/sites\/default\/files\/styles\/large\/public\/rutas\/15.png?itok=aIXgRn9R","contentUrl":"https:\/\/www.laorotava.es\/sites\/default\/files\/styles\/large\/public\/rutas\/15.png?itok=aIXgRn9R"},{"@type":"BreadcrumbList","@id":"https:\/\/www.laorotava.es\/turismo\/15-jardines-del-marquesado-de-la-quinta-roja-mausoleo-masonico\/#breadcrumb","itemListElement":[{"@type":"ListItem","position":1,"name":"Portada","item":"https:\/\/www.laorotava.es\/turismo\/"},{"@type":"ListItem","position":2,"name":"15. Jardines del Marquesado de la Quinta Roja. Mausoleo Mas\u00f3nico"}]},{"@type":"WebSite","@id":"https:\/\/www.laorotava.es\/turismo\/#website","url":"https:\/\/www.laorotava.es\/turismo\/","name":"Web de Turismo del Ayuntamiento de La Orotava","description":"","publisher":{"@id":"https:\/\/www.laorotava.es\/turismo\/#organization"},"potentialAction":[{"@type":"SearchAction","target":{"@type":"EntryPoint","urlTemplate":"https:\/\/www.laorotava.es\/turismo\/?s={search_term_string}"},"query-input":{"@type":"PropertyValueSpecification","valueRequired":true,"valueName":"search_term_string"}}],"inLanguage":"es"},{"@type":"Organization","@id":"https:\/\/www.laorotava.es\/turismo\/#organization","name":"Ayuntamiento de La Orotava","url":"https:\/\/www.laorotava.es\/turismo\/","logo":{"@type":"ImageObject","inLanguage":"es","@id":"https:\/\/www.laorotava.es\/turismo\/#\/schema\/logo\/image\/","url":"https:\/\/www.laorotava.es\/turismo\/wp-content\/uploads\/2022\/08\/logo.png","contentUrl":"https:\/\/www.laorotava.es\/turismo\/wp-content\/uploads\/2022\/08\/logo.png","width":1195,"height":180,"caption":"Ayuntamiento de La Orotava"},"image":{"@id":"https:\/\/www.laorotava.es\/turismo\/#\/schema\/logo\/image\/"},"sameAs":["https:\/\/www.facebook.com\/TurismoLaOrotava\/","https:\/\/x.com\/LaOrotava"]}]}},"_links":{"self":[{"href":"https:\/\/www.laorotava.es\/turismo\/wp-json\/wp\/v2\/pages\/1006641","targetHints":{"allow":["GET"]}}],"collection":[{"href":"https:\/\/www.laorotava.es\/turismo\/wp-json\/wp\/v2\/pages"}],"about":[{"href":"https:\/\/www.laorotava.es\/turismo\/wp-json\/wp\/v2\/types\/page"}],"author":[{"embeddable":true,"href":"https:\/\/www.laorotava.es\/turismo\/wp-json\/wp\/v2\/users\/3"}],"replies":[{"embeddable":true,"href":"https:\/\/www.laorotava.es\/turismo\/wp-json\/wp\/v2\/comments?post=1006641"}],"version-history":[{"count":0,"href":"https:\/\/www.laorotava.es\/turismo\/wp-json\/wp\/v2\/pages\/1006641\/revisions"}],"wp:attachment":[{"href":"https:\/\/www.laorotava.es\/turismo\/wp-json\/wp\/v2\/media?parent=1006641"}],"curies":[{"name":"wp","href":"https:\/\/api.w.org\/{rel}","templated":true}]}}