{"id":1014493,"date":"2022-10-13T10:20:52","date_gmt":"2022-10-13T10:20:52","guid":{"rendered":"https:\/\/www.laorotava.es\/turismo\/?page_id=1014493"},"modified":"2025-02-21T09:07:16","modified_gmt":"2025-02-21T09:07:16","slug":"2-rue-carrera-del-escultor-estevez","status":"publish","type":"page","link":"https:\/\/www.laorotava.es\/turismo\/fr\/2-rue-carrera-del-escultor-estevez\/","title":{"rendered":"2. Rue Carrera del Escultor Est\u00e9vez"},"content":{"rendered":"\t\t<div data-elementor-type=\"wp-page\" data-elementor-id=\"1014493\" class=\"elementor elementor-1014493\">\n\t\t\t\t\t\t<section class=\"elementor-section elementor-top-section elementor-element elementor-element-3d9807bb elementor-section-stretched elementor-section-boxed elementor-section-height-default elementor-section-height-default wpr-particle-no wpr-jarallax-no wpr-parallax-no wpr-sticky-section-no\" data-id=\"3d9807bb\" data-element_type=\"section\" data-e-type=\"section\" data-settings=\"{&quot;stretch_section&quot;:&quot;section-stretched&quot;}\">\n\t\t\t\t\t\t<div class=\"elementor-container elementor-column-gap-default\">\n\t\t\t\t\t<div class=\"elementor-column elementor-col-100 elementor-top-column elementor-element elementor-element-2300cbb7\" data-id=\"2300cbb7\" data-element_type=\"column\" data-e-type=\"column\">\n\t\t\t<div class=\"elementor-widget-wrap elementor-element-populated\">\n\t\t\t\t\t\t<div class=\"elementor-element elementor-element-14ea8241 elementor-widget elementor-widget-heading\" data-id=\"14ea8241\" data-element_type=\"widget\" data-e-type=\"widget\" data-widget_type=\"heading.default\">\n\t\t\t\t<div class=\"elementor-widget-container\">\n\t\t\t\t\t<h2 class=\"elementor-heading-title elementor-size-small\">2. Rue Carrera del Escultor Est\u00e9vez<\/h2>\t\t\t\t<\/div>\n\t\t\t\t<\/div>\n\t\t\t\t<div class=\"elementor-element elementor-element-2da3d12f elementor-widget-divider--view-line elementor-widget elementor-widget-divider\" data-id=\"2da3d12f\" data-element_type=\"widget\" data-e-type=\"widget\" data-widget_type=\"divider.default\">\n\t\t\t\t<div class=\"elementor-widget-container\">\n\t\t\t\t\t\t\t<div class=\"elementor-divider\">\n\t\t\t<span class=\"elementor-divider-separator\">\n\t\t\t\t\t\t<\/span>\n\t\t<\/div>\n\t\t\t\t\t\t<\/div>\n\t\t\t\t<\/div>\n\t\t\t\t<div class=\"elementor-element elementor-element-b701348 elementor-widget elementor-widget-wp-widget-media_audio\" data-id=\"b701348\" data-element_type=\"widget\" data-e-type=\"widget\" data-widget_type=\"wp-widget-media_audio.default\">\n\t\t\t\t<div class=\"elementor-widget-container\">\n\t\t\t\t\t<audio class=\"wp-audio-shortcode\" id=\"audio-1014493-1\" preload=\"none\" style=\"width: 100%;\" controls=\"controls\"><source type=\"audio\/mpeg\" src=\"https:\/\/www.laorotava.es\/turismo\/wp-content\/uploads\/2025\/02\/02_pb_rue_carrera_del_escultor_estevez.mp3?_=1\" \/><source type=\"audio\/mpeg\" src=\"https:\/\/www.laorotava.es\/turismo\/wp-content\/uploads\/2025\/02\/02_pb_rue_carrera_del_escultor_estevez.mp3?_=1\" \/><a href=\"https:\/\/www.laorotava.es\/turismo\/wp-content\/uploads\/2025\/02\/02_pb_rue_carrera_del_escultor_estevez.mp3\">https:\/\/www.laorotava.es\/turismo\/wp-content\/uploads\/2025\/02\/02_pb_rue_carrera_del_escultor_estevez.mp3<\/a><\/audio>\t\t\t\t<\/div>\n\t\t\t\t<\/div>\n\t\t\t\t<div class=\"elementor-element elementor-element-5c8e8de7 elementor-widget elementor-widget-text-editor\" data-id=\"5c8e8de7\" data-element_type=\"widget\" data-e-type=\"widget\" data-widget_type=\"text-editor.default\">\n\t\t\t\t<div class=\"elementor-widget-container\">\n\t\t\t\t\t\t\t\t\t<p><span style=\"color: #444444;\"><img decoding=\"async\" class=\"alignleft\" src=\"https:\/\/www.laorotava.es\/sites\/default\/files\/styles\/large\/public\/rutas\/2.png?itok=UdmOGBDk\" \/><\/span><\/p><p>Cette rue a subi sa transformation de chemin de terre en \u00e9l\u00e9gante rue pav\u00e9e gr\u00e2ce au d\u00e9veloppement du commerce pendant le dernier tiers du XIX si\u00e8cle. Gr\u00e2ce \u00e0 l&#8217;implantation g\u00e9n\u00e9ralis\u00e9e de la culture des bananiers, la Orotava a v\u00e9cu un d\u00e9veloppement \u00e9conomique qui a contribu\u00e9 \u00e0 l&#8217;apog\u00e9e de la bourgeoisie commerciale et avec elle, l\u2019apparition de nouvelles industries et commerces, qui se sont install\u00e9s principalement dans cette rue. Quelques-uns d&#8217;entre eux sont toujours en actif depuis cette \u00e9poque-l\u00e0.<\/p><p>La r\u00e9forme urbaine du d\u00e9but du XX si\u00e8cle a compl\u00e8tement chang\u00e9 l\u2019image de la Orotava et une architecture \u00e9clectique a surgi. Les rez-de-chauss\u00e9e des anciennes maisons du XVIII ont \u00e9t\u00e9 transform\u00e9es en locaux commerciaux et les fa\u00e7ades ont souvent \u00e9t\u00e9 modifi\u00e9es pour s\u2019adapter aux styles architectoniques vari\u00e9s qui apparaissaient. Dans toute la Orotava, vous pourrez trouver de curieux b\u00e2timents anciens reconvertis, mais ici vous verrez comme nulle part ailleurs l\u2019esprit de transformation que la Ville a exp\u00e9riment\u00e9 et qui a fait de cette rue l\u2019art\u00e8re commerciale.<\/p><p>Fernando Est\u00e9vez est n\u00e9 et a pass\u00e9 son enfance au num\u00e9ro 5 de cette rue. Est\u00e9vez est une sculpteur et peintre n\u00e9 en 1788, consid\u00e9r\u00e9 comme le plus grand repr\u00e9sentant de la sculpture n\u00e9oclassique aux Canaries. Malgr\u00e9 la grande reconnaissance faite \u00e0 son \u0153uvre, il s\u2019est vu oblig\u00e9 \u00e0 alterner le d\u00e9veloppement de sa carri\u00e8re sculptrice avec d\u2019autres facettes professionnelles comme celle d\u2019urbaniste et ma\u00eetre de dessin, puisque son \u00e9norme production artistique n\u2019\u00e9tait pas suffisante pour vivre.\u00a0 Son \u0153uvre la plus connue est l\u2019image de la Vierge de Candelaria, patronne des Canaries.<\/p><p>Continuons tout droit jusqu&#8217;au coin de la rue Tom\u00e1s P\u00e9rez. Au c\u00f4t\u00e9 gauche de la rue, on trouvera une marque cach\u00e9e sur le trottoir qui rem\u00e9more les calculs de la mesure de la hauteur du Teide.<\/p>\t\t\t\t\t\t\t\t<\/div>\n\t\t\t\t<\/div>\n\t\t\t\t<div class=\"elementor-element elementor-element-4ffb94b8 elementor-widget elementor-widget-google_maps\" data-id=\"4ffb94b8\" data-element_type=\"widget\" data-e-type=\"widget\" data-widget_type=\"google_maps.default\">\n\t\t\t\t<div class=\"elementor-widget-container\">\n\t\t\t\t\t\t\t<div class=\"elementor-custom-embed\">\n\t\t\t<iframe loading=\"lazy\"\n\t\t\t\t\tsrc=\"https:\/\/maps.google.com\/maps?q=calle%20carrera%20del%20escultor%20estevez&#038;t=m&#038;z=16&#038;output=embed&#038;iwloc=near\"\n\t\t\t\t\ttitle=\"calle carrera del escultor estevez\"\n\t\t\t\t\taria-label=\"calle carrera del escultor estevez\"\n\t\t\t><\/iframe>\n\t\t<\/div>\n\t\t\t\t\t\t<\/div>\n\t\t\t\t<\/div>\n\t\t\t\t\t<\/div>\n\t\t<\/div>\n\t\t\t\t\t<\/div>\n\t\t<\/section>\n\t\t\t\t<\/div>\n\t\t","protected":false},"excerpt":{"rendered":"<p>2. Rue Carrera del Escultor Est\u00e9vez Cette rue a subi sa transformation de chemin de terre en \u00e9l\u00e9gante rue pav\u00e9e gr\u00e2ce au d\u00e9veloppement du commerce pendant le dernier tiers du XIX si\u00e8cle. Gr\u00e2ce \u00e0 l&#8217;implantation g\u00e9n\u00e9ralis\u00e9e de la culture des bananiers, la Orotava a v\u00e9cu un d\u00e9veloppement \u00e9conomique qui a contribu\u00e9 \u00e0 l&#8217;apog\u00e9e de la bourgeoisie commerciale et avec elle, l\u2019apparition de nouvelles industries et commerces, qui se sont install\u00e9s principalement dans cette rue. Quelques-uns d&#8217;entre eux sont toujours en actif depuis cette \u00e9poque-l\u00e0. La r\u00e9forme urbaine du d\u00e9but du XX si\u00e8cle a compl\u00e8tement chang\u00e9 l\u2019image de la Orotava et une architecture \u00e9clectique a surgi. Les rez-de-chauss\u00e9e des anciennes maisons du XVIII ont \u00e9t\u00e9 transform\u00e9es en locaux commerciaux et les fa\u00e7ades ont souvent \u00e9t\u00e9 modifi\u00e9es pour s\u2019adapter aux styles architectoniques vari\u00e9s qui apparaissaient. Dans toute la Orotava, vous pourrez trouver de curieux b\u00e2timents anciens reconvertis, mais ici vous verrez comme nulle part ailleurs l\u2019esprit de transformation que la Ville a exp\u00e9riment\u00e9 et qui a fait de cette rue l\u2019art\u00e8re commerciale. Fernando Est\u00e9vez est n\u00e9 et a pass\u00e9 son enfance au num\u00e9ro 5 de cette rue. Est\u00e9vez est une sculpteur et peintre n\u00e9 en 1788, consid\u00e9r\u00e9 comme le plus grand repr\u00e9sentant de la sculpture n\u00e9oclassique aux Canaries. Malgr\u00e9 la grande reconnaissance faite \u00e0 son \u0153uvre, il s\u2019est vu oblig\u00e9 \u00e0 alterner le d\u00e9veloppement de sa carri\u00e8re sculptrice avec d\u2019autres facettes professionnelles comme celle d\u2019urbaniste et ma\u00eetre de dessin, puisque son \u00e9norme production artistique n\u2019\u00e9tait pas suffisante pour vivre.\u00a0 Son \u0153uvre la plus connue est l\u2019image de la Vierge de Candelaria, patronne des Canaries. Continuons tout droit jusqu&#8217;au coin de la rue Tom\u00e1s P\u00e9rez. Au c\u00f4t\u00e9 gauche de la rue, on trouvera une marque cach\u00e9e sur le trottoir qui rem\u00e9more les calculs de la mesure de la hauteur du Teide.<\/p>\n","protected":false},"author":3,"featured_media":0,"parent":0,"menu_order":0,"comment_status":"closed","ping_status":"closed","template":"","meta":{"_acf_changed":false,"ocean_post_layout":"","ocean_both_sidebars_style":"","ocean_both_sidebars_content_width":0,"ocean_both_sidebars_sidebars_width":0,"ocean_sidebar":"0","ocean_second_sidebar":"0","ocean_disable_margins":"enable","ocean_add_body_class":"","ocean_shortcode_before_top_bar":"","ocean_shortcode_after_top_bar":"","ocean_shortcode_before_header":"","ocean_shortcode_after_header":"","ocean_has_shortcode":"","ocean_shortcode_after_title":"","ocean_shortcode_before_footer_widgets":"","ocean_shortcode_after_footer_widgets":"","ocean_shortcode_before_footer_bottom":"","ocean_shortcode_after_footer_bottom":"","ocean_display_top_bar":"default","ocean_display_header":"default","ocean_header_style":"","ocean_center_header_left_menu":"0","ocean_custom_header_template":"0","ocean_custom_logo":0,"ocean_custom_retina_logo":0,"ocean_custom_logo_max_width":0,"ocean_custom_logo_tablet_max_width":0,"ocean_custom_logo_mobile_max_width":0,"ocean_custom_logo_max_height":0,"ocean_custom_logo_tablet_max_height":0,"ocean_custom_logo_mobile_max_height":0,"ocean_header_custom_menu":"0","ocean_menu_typo_font_family":"0","ocean_menu_typo_font_subset":"","ocean_menu_typo_font_size":0,"ocean_menu_typo_font_size_tablet":0,"ocean_menu_typo_font_size_mobile":0,"ocean_menu_typo_font_size_unit":"px","ocean_menu_typo_font_weight":"","ocean_menu_typo_font_weight_tablet":"","ocean_menu_typo_font_weight_mobile":"","ocean_menu_typo_transform":"","ocean_menu_typo_transform_tablet":"","ocean_menu_typo_transform_mobile":"","ocean_menu_typo_line_height":0,"ocean_menu_typo_line_height_tablet":0,"ocean_menu_typo_line_height_mobile":0,"ocean_menu_typo_line_height_unit":"","ocean_menu_typo_spacing":0,"ocean_menu_typo_spacing_tablet":0,"ocean_menu_typo_spacing_mobile":0,"ocean_menu_typo_spacing_unit":"","ocean_menu_link_color":"","ocean_menu_link_color_hover":"","ocean_menu_link_color_active":"","ocean_menu_link_background":"","ocean_menu_link_hover_background":"","ocean_menu_link_active_background":"","ocean_menu_social_links_bg":"","ocean_menu_social_hover_links_bg":"","ocean_menu_social_links_color":"","ocean_menu_social_hover_links_color":"","ocean_disable_title":"default","ocean_disable_heading":"on","ocean_post_title":"","ocean_post_subheading":"","ocean_post_title_style":"","ocean_post_title_background_color":"","ocean_post_title_background":0,"ocean_post_title_bg_image_position":"","ocean_post_title_bg_image_attachment":"","ocean_post_title_bg_image_repeat":"","ocean_post_title_bg_image_size":"","ocean_post_title_height":0,"ocean_post_title_bg_overlay":0.5,"ocean_post_title_bg_overlay_color":"","ocean_disable_breadcrumbs":"default","ocean_breadcrumbs_color":"","ocean_breadcrumbs_separator_color":"","ocean_breadcrumbs_links_color":"","ocean_breadcrumbs_links_hover_color":"","ocean_display_footer_widgets":"default","ocean_display_footer_bottom":"default","ocean_custom_footer_template":"0","footnotes":""},"class_list":["post-1014493","page","type-page","status-publish","hentry","entry"],"acf":[],"yoast_head":"<!-- This site is optimized with the Yoast SEO plugin v27.2 - https:\/\/yoast.com\/product\/yoast-seo-wordpress\/ -->\n<title>2. Rue Carrera del Escultor Est\u00e9vez - Web de Turismo del Ayuntamiento de La Orotava<\/title>\n<meta name=\"robots\" content=\"index, follow, max-snippet:-1, max-image-preview:large, max-video-preview:-1\" \/>\n<link rel=\"canonical\" href=\"https:\/\/www.laorotava.es\/turismo\/fr\/2-rue-carrera-del-escultor-estevez\/\" \/>\n<meta property=\"og:locale\" content=\"es_ES\" \/>\n<meta property=\"og:type\" content=\"article\" \/>\n<meta property=\"og:title\" content=\"2. Rue Carrera del Escultor Est\u00e9vez - Web de Turismo del Ayuntamiento de La Orotava\" \/>\n<meta property=\"og:description\" content=\"2. Rue Carrera del Escultor Est\u00e9vez Cette rue a subi sa transformation de chemin de terre en \u00e9l\u00e9gante rue pav\u00e9e gr\u00e2ce au d\u00e9veloppement du commerce pendant le dernier tiers du XIX si\u00e8cle. Gr\u00e2ce \u00e0 l&#8217;implantation g\u00e9n\u00e9ralis\u00e9e de la culture des bananiers, la Orotava a v\u00e9cu un d\u00e9veloppement \u00e9conomique qui a contribu\u00e9 \u00e0 l&#8217;apog\u00e9e de la bourgeoisie commerciale et avec elle, l\u2019apparition de nouvelles industries et commerces, qui se sont install\u00e9s principalement dans cette rue. Quelques-uns d&#8217;entre eux sont toujours en actif depuis cette \u00e9poque-l\u00e0. La r\u00e9forme urbaine du d\u00e9but du XX si\u00e8cle a compl\u00e8tement chang\u00e9 l\u2019image de la Orotava et une architecture \u00e9clectique a surgi. Les rez-de-chauss\u00e9e des anciennes maisons du XVIII ont \u00e9t\u00e9 transform\u00e9es en locaux commerciaux et les fa\u00e7ades ont souvent \u00e9t\u00e9 modifi\u00e9es pour s\u2019adapter aux styles architectoniques vari\u00e9s qui apparaissaient. Dans toute la Orotava, vous pourrez trouver de curieux b\u00e2timents anciens reconvertis, mais ici vous verrez comme nulle part ailleurs l\u2019esprit de transformation que la Ville a exp\u00e9riment\u00e9 et qui a fait de cette rue l\u2019art\u00e8re commerciale. Fernando Est\u00e9vez est n\u00e9 et a pass\u00e9 son enfance au num\u00e9ro 5 de cette rue. Est\u00e9vez est une sculpteur et peintre n\u00e9 en 1788, consid\u00e9r\u00e9 comme le plus grand repr\u00e9sentant de la sculpture n\u00e9oclassique aux Canaries. Malgr\u00e9 la grande reconnaissance faite \u00e0 son \u0153uvre, il s\u2019est vu oblig\u00e9 \u00e0 alterner le d\u00e9veloppement de sa carri\u00e8re sculptrice avec d\u2019autres facettes professionnelles comme celle d\u2019urbaniste et ma\u00eetre de dessin, puisque son \u00e9norme production artistique n\u2019\u00e9tait pas suffisante pour vivre.\u00a0 Son \u0153uvre la plus connue est l\u2019image de la Vierge de Candelaria, patronne des Canaries. Continuons tout droit jusqu&#8217;au coin de la rue Tom\u00e1s P\u00e9rez. Au c\u00f4t\u00e9 gauche de la rue, on trouvera une marque cach\u00e9e sur le trottoir qui rem\u00e9more les calculs de la mesure de la hauteur du Teide.\" \/>\n<meta property=\"og:url\" content=\"https:\/\/www.laorotava.es\/turismo\/fr\/2-rue-carrera-del-escultor-estevez\/\" \/>\n<meta property=\"og:site_name\" content=\"Web de Turismo del Ayuntamiento de La Orotava\" \/>\n<meta property=\"article:publisher\" content=\"https:\/\/www.facebook.com\/TurismoLaOrotava\/\" \/>\n<meta property=\"article:modified_time\" content=\"2025-02-21T09:07:16+00:00\" \/>\n<meta property=\"og:image\" content=\"https:\/\/www.laorotava.es\/sites\/default\/files\/styles\/large\/public\/rutas\/2.png?itok=UdmOGBDk\" \/>\n<meta name=\"twitter:card\" content=\"summary_large_image\" \/>\n<meta name=\"twitter:site\" content=\"@LaOrotava\" \/>\n<meta name=\"twitter:label1\" content=\"Tiempo de lectura\" \/>\n\t<meta name=\"twitter:data1\" content=\"2 minutos\" \/>\n<script type=\"application\/ld+json\" class=\"yoast-schema-graph\">{\"@context\":\"https:\/\/schema.org\",\"@graph\":[{\"@type\":\"WebPage\",\"@id\":\"https:\/\/www.laorotava.es\/turismo\/fr\/2-rue-carrera-del-escultor-estevez\/\",\"url\":\"https:\/\/www.laorotava.es\/turismo\/fr\/2-rue-carrera-del-escultor-estevez\/\",\"name\":\"2. Rue Carrera del Escultor Est\u00e9vez - Web de Turismo del Ayuntamiento de La Orotava\",\"isPartOf\":{\"@id\":\"https:\/\/www.laorotava.es\/turismo\/#website\"},\"primaryImageOfPage\":{\"@id\":\"https:\/\/www.laorotava.es\/turismo\/fr\/2-rue-carrera-del-escultor-estevez\/#primaryimage\"},\"image\":{\"@id\":\"https:\/\/www.laorotava.es\/turismo\/fr\/2-rue-carrera-del-escultor-estevez\/#primaryimage\"},\"thumbnailUrl\":\"https:\/\/www.laorotava.es\/sites\/default\/files\/styles\/large\/public\/rutas\/2.png?itok=UdmOGBDk\",\"datePublished\":\"2022-10-13T10:20:52+00:00\",\"dateModified\":\"2025-02-21T09:07:16+00:00\",\"breadcrumb\":{\"@id\":\"https:\/\/www.laorotava.es\/turismo\/fr\/2-rue-carrera-del-escultor-estevez\/#breadcrumb\"},\"inLanguage\":\"es\",\"potentialAction\":[{\"@type\":\"ReadAction\",\"target\":[\"https:\/\/www.laorotava.es\/turismo\/fr\/2-rue-carrera-del-escultor-estevez\/\"]}]},{\"@type\":\"ImageObject\",\"inLanguage\":\"es\",\"@id\":\"https:\/\/www.laorotava.es\/turismo\/fr\/2-rue-carrera-del-escultor-estevez\/#primaryimage\",\"url\":\"https:\/\/www.laorotava.es\/sites\/default\/files\/styles\/large\/public\/rutas\/2.png?itok=UdmOGBDk\",\"contentUrl\":\"https:\/\/www.laorotava.es\/sites\/default\/files\/styles\/large\/public\/rutas\/2.png?itok=UdmOGBDk\"},{\"@type\":\"BreadcrumbList\",\"@id\":\"https:\/\/www.laorotava.es\/turismo\/fr\/2-rue-carrera-del-escultor-estevez\/#breadcrumb\",\"itemListElement\":[{\"@type\":\"ListItem\",\"position\":1,\"name\":\"Portada\",\"item\":\"https:\/\/www.laorotava.es\/turismo\/\"},{\"@type\":\"ListItem\",\"position\":2,\"name\":\"2. Rue Carrera del Escultor Est\u00e9vez\"}]},{\"@type\":\"WebSite\",\"@id\":\"https:\/\/www.laorotava.es\/turismo\/#website\",\"url\":\"https:\/\/www.laorotava.es\/turismo\/\",\"name\":\"Web de Turismo del Ayuntamiento de La Orotava\",\"description\":\"\",\"publisher\":{\"@id\":\"https:\/\/www.laorotava.es\/turismo\/#organization\"},\"potentialAction\":[{\"@type\":\"SearchAction\",\"target\":{\"@type\":\"EntryPoint\",\"urlTemplate\":\"https:\/\/www.laorotava.es\/turismo\/?s={search_term_string}\"},\"query-input\":{\"@type\":\"PropertyValueSpecification\",\"valueRequired\":true,\"valueName\":\"search_term_string\"}}],\"inLanguage\":\"es\"},{\"@type\":\"Organization\",\"@id\":\"https:\/\/www.laorotava.es\/turismo\/#organization\",\"name\":\"Ayuntamiento de La Orotava\",\"url\":\"https:\/\/www.laorotava.es\/turismo\/\",\"logo\":{\"@type\":\"ImageObject\",\"inLanguage\":\"es\",\"@id\":\"https:\/\/www.laorotava.es\/turismo\/#\/schema\/logo\/image\/\",\"url\":\"https:\/\/www.laorotava.es\/turismo\/wp-content\/uploads\/2022\/08\/logo.png\",\"contentUrl\":\"https:\/\/www.laorotava.es\/turismo\/wp-content\/uploads\/2022\/08\/logo.png\",\"width\":1195,\"height\":180,\"caption\":\"Ayuntamiento de La Orotava\"},\"image\":{\"@id\":\"https:\/\/www.laorotava.es\/turismo\/#\/schema\/logo\/image\/\"},\"sameAs\":[\"https:\/\/www.facebook.com\/TurismoLaOrotava\/\",\"https:\/\/x.com\/LaOrotava\"]}]}<\/script>\n<!-- \/ Yoast SEO plugin. -->","yoast_head_json":{"title":"2. Rue Carrera del Escultor Est\u00e9vez - Web de Turismo del Ayuntamiento de La Orotava","robots":{"index":"index","follow":"follow","max-snippet":"max-snippet:-1","max-image-preview":"max-image-preview:large","max-video-preview":"max-video-preview:-1"},"canonical":"https:\/\/www.laorotava.es\/turismo\/fr\/2-rue-carrera-del-escultor-estevez\/","og_locale":"es_ES","og_type":"article","og_title":"2. Rue Carrera del Escultor Est\u00e9vez - Web de Turismo del Ayuntamiento de La Orotava","og_description":"2. Rue Carrera del Escultor Est\u00e9vez Cette rue a subi sa transformation de chemin de terre en \u00e9l\u00e9gante rue pav\u00e9e gr\u00e2ce au d\u00e9veloppement du commerce pendant le dernier tiers du XIX si\u00e8cle. Gr\u00e2ce \u00e0 l&#8217;implantation g\u00e9n\u00e9ralis\u00e9e de la culture des bananiers, la Orotava a v\u00e9cu un d\u00e9veloppement \u00e9conomique qui a contribu\u00e9 \u00e0 l&#8217;apog\u00e9e de la bourgeoisie commerciale et avec elle, l\u2019apparition de nouvelles industries et commerces, qui se sont install\u00e9s principalement dans cette rue. Quelques-uns d&#8217;entre eux sont toujours en actif depuis cette \u00e9poque-l\u00e0. La r\u00e9forme urbaine du d\u00e9but du XX si\u00e8cle a compl\u00e8tement chang\u00e9 l\u2019image de la Orotava et une architecture \u00e9clectique a surgi. Les rez-de-chauss\u00e9e des anciennes maisons du XVIII ont \u00e9t\u00e9 transform\u00e9es en locaux commerciaux et les fa\u00e7ades ont souvent \u00e9t\u00e9 modifi\u00e9es pour s\u2019adapter aux styles architectoniques vari\u00e9s qui apparaissaient. Dans toute la Orotava, vous pourrez trouver de curieux b\u00e2timents anciens reconvertis, mais ici vous verrez comme nulle part ailleurs l\u2019esprit de transformation que la Ville a exp\u00e9riment\u00e9 et qui a fait de cette rue l\u2019art\u00e8re commerciale. Fernando Est\u00e9vez est n\u00e9 et a pass\u00e9 son enfance au num\u00e9ro 5 de cette rue. Est\u00e9vez est une sculpteur et peintre n\u00e9 en 1788, consid\u00e9r\u00e9 comme le plus grand repr\u00e9sentant de la sculpture n\u00e9oclassique aux Canaries. Malgr\u00e9 la grande reconnaissance faite \u00e0 son \u0153uvre, il s\u2019est vu oblig\u00e9 \u00e0 alterner le d\u00e9veloppement de sa carri\u00e8re sculptrice avec d\u2019autres facettes professionnelles comme celle d\u2019urbaniste et ma\u00eetre de dessin, puisque son \u00e9norme production artistique n\u2019\u00e9tait pas suffisante pour vivre.\u00a0 Son \u0153uvre la plus connue est l\u2019image de la Vierge de Candelaria, patronne des Canaries. Continuons tout droit jusqu&#8217;au coin de la rue Tom\u00e1s P\u00e9rez. Au c\u00f4t\u00e9 gauche de la rue, on trouvera une marque cach\u00e9e sur le trottoir qui rem\u00e9more les calculs de la mesure de la hauteur du Teide.","og_url":"https:\/\/www.laorotava.es\/turismo\/fr\/2-rue-carrera-del-escultor-estevez\/","og_site_name":"Web de Turismo del Ayuntamiento de La Orotava","article_publisher":"https:\/\/www.facebook.com\/TurismoLaOrotava\/","article_modified_time":"2025-02-21T09:07:16+00:00","og_image":[{"url":"https:\/\/www.laorotava.es\/sites\/default\/files\/styles\/large\/public\/rutas\/2.png?itok=UdmOGBDk","type":"","width":"","height":""}],"twitter_card":"summary_large_image","twitter_site":"@LaOrotava","twitter_misc":{"Tiempo de lectura":"2 minutos"},"schema":{"@context":"https:\/\/schema.org","@graph":[{"@type":"WebPage","@id":"https:\/\/www.laorotava.es\/turismo\/fr\/2-rue-carrera-del-escultor-estevez\/","url":"https:\/\/www.laorotava.es\/turismo\/fr\/2-rue-carrera-del-escultor-estevez\/","name":"2. Rue Carrera del Escultor Est\u00e9vez - Web de Turismo del Ayuntamiento de La Orotava","isPartOf":{"@id":"https:\/\/www.laorotava.es\/turismo\/#website"},"primaryImageOfPage":{"@id":"https:\/\/www.laorotava.es\/turismo\/fr\/2-rue-carrera-del-escultor-estevez\/#primaryimage"},"image":{"@id":"https:\/\/www.laorotava.es\/turismo\/fr\/2-rue-carrera-del-escultor-estevez\/#primaryimage"},"thumbnailUrl":"https:\/\/www.laorotava.es\/sites\/default\/files\/styles\/large\/public\/rutas\/2.png?itok=UdmOGBDk","datePublished":"2022-10-13T10:20:52+00:00","dateModified":"2025-02-21T09:07:16+00:00","breadcrumb":{"@id":"https:\/\/www.laorotava.es\/turismo\/fr\/2-rue-carrera-del-escultor-estevez\/#breadcrumb"},"inLanguage":"es","potentialAction":[{"@type":"ReadAction","target":["https:\/\/www.laorotava.es\/turismo\/fr\/2-rue-carrera-del-escultor-estevez\/"]}]},{"@type":"ImageObject","inLanguage":"es","@id":"https:\/\/www.laorotava.es\/turismo\/fr\/2-rue-carrera-del-escultor-estevez\/#primaryimage","url":"https:\/\/www.laorotava.es\/sites\/default\/files\/styles\/large\/public\/rutas\/2.png?itok=UdmOGBDk","contentUrl":"https:\/\/www.laorotava.es\/sites\/default\/files\/styles\/large\/public\/rutas\/2.png?itok=UdmOGBDk"},{"@type":"BreadcrumbList","@id":"https:\/\/www.laorotava.es\/turismo\/fr\/2-rue-carrera-del-escultor-estevez\/#breadcrumb","itemListElement":[{"@type":"ListItem","position":1,"name":"Portada","item":"https:\/\/www.laorotava.es\/turismo\/"},{"@type":"ListItem","position":2,"name":"2. Rue Carrera del Escultor Est\u00e9vez"}]},{"@type":"WebSite","@id":"https:\/\/www.laorotava.es\/turismo\/#website","url":"https:\/\/www.laorotava.es\/turismo\/","name":"Web de Turismo del Ayuntamiento de La Orotava","description":"","publisher":{"@id":"https:\/\/www.laorotava.es\/turismo\/#organization"},"potentialAction":[{"@type":"SearchAction","target":{"@type":"EntryPoint","urlTemplate":"https:\/\/www.laorotava.es\/turismo\/?s={search_term_string}"},"query-input":{"@type":"PropertyValueSpecification","valueRequired":true,"valueName":"search_term_string"}}],"inLanguage":"es"},{"@type":"Organization","@id":"https:\/\/www.laorotava.es\/turismo\/#organization","name":"Ayuntamiento de La Orotava","url":"https:\/\/www.laorotava.es\/turismo\/","logo":{"@type":"ImageObject","inLanguage":"es","@id":"https:\/\/www.laorotava.es\/turismo\/#\/schema\/logo\/image\/","url":"https:\/\/www.laorotava.es\/turismo\/wp-content\/uploads\/2022\/08\/logo.png","contentUrl":"https:\/\/www.laorotava.es\/turismo\/wp-content\/uploads\/2022\/08\/logo.png","width":1195,"height":180,"caption":"Ayuntamiento de La Orotava"},"image":{"@id":"https:\/\/www.laorotava.es\/turismo\/#\/schema\/logo\/image\/"},"sameAs":["https:\/\/www.facebook.com\/TurismoLaOrotava\/","https:\/\/x.com\/LaOrotava"]}]}},"_links":{"self":[{"href":"https:\/\/www.laorotava.es\/turismo\/wp-json\/wp\/v2\/pages\/1014493","targetHints":{"allow":["GET"]}}],"collection":[{"href":"https:\/\/www.laorotava.es\/turismo\/wp-json\/wp\/v2\/pages"}],"about":[{"href":"https:\/\/www.laorotava.es\/turismo\/wp-json\/wp\/v2\/types\/page"}],"author":[{"embeddable":true,"href":"https:\/\/www.laorotava.es\/turismo\/wp-json\/wp\/v2\/users\/3"}],"replies":[{"embeddable":true,"href":"https:\/\/www.laorotava.es\/turismo\/wp-json\/wp\/v2\/comments?post=1014493"}],"version-history":[{"count":7,"href":"https:\/\/www.laorotava.es\/turismo\/wp-json\/wp\/v2\/pages\/1014493\/revisions"}],"predecessor-version":[{"id":1021081,"href":"https:\/\/www.laorotava.es\/turismo\/wp-json\/wp\/v2\/pages\/1014493\/revisions\/1021081"}],"wp:attachment":[{"href":"https:\/\/www.laorotava.es\/turismo\/wp-json\/wp\/v2\/media?parent=1014493"}],"curies":[{"name":"wp","href":"https:\/\/api.w.org\/{rel}","templated":true}]}}