{"id":1014629,"date":"2022-10-13T11:24:51","date_gmt":"2022-10-13T11:24:51","guid":{"rendered":"https:\/\/www.laorotava.es\/turismo\/?page_id=1014629"},"modified":"2025-02-21T09:35:43","modified_gmt":"2025-02-21T09:35:43","slug":"15-jardins-du-marquisat-de-la-quinta-roja-mausolee-maconnique","status":"publish","type":"page","link":"https:\/\/www.laorotava.es\/turismo\/fr\/15-jardins-du-marquisat-de-la-quinta-roja-mausolee-maconnique\/","title":{"rendered":"15. Jardins du Marquisat de La Quinta Roja"},"content":{"rendered":"\t\t<div data-elementor-type=\"wp-page\" data-elementor-id=\"1014629\" class=\"elementor elementor-1014629\">\n\t\t\t\t\t\t<section class=\"elementor-section elementor-top-section elementor-element elementor-element-4c53e814 elementor-section-stretched elementor-section-boxed elementor-section-height-default elementor-section-height-default wpr-particle-no wpr-jarallax-no wpr-parallax-no wpr-sticky-section-no\" data-id=\"4c53e814\" data-element_type=\"section\" data-e-type=\"section\" data-settings=\"{&quot;stretch_section&quot;:&quot;section-stretched&quot;}\">\n\t\t\t\t\t\t<div class=\"elementor-container elementor-column-gap-default\">\n\t\t\t\t\t<div class=\"elementor-column elementor-col-100 elementor-top-column elementor-element elementor-element-643d7a2f\" data-id=\"643d7a2f\" data-element_type=\"column\" data-e-type=\"column\">\n\t\t\t<div class=\"elementor-widget-wrap elementor-element-populated\">\n\t\t\t\t\t\t<div class=\"elementor-element elementor-element-6be4adea elementor-widget elementor-widget-heading\" data-id=\"6be4adea\" data-element_type=\"widget\" data-e-type=\"widget\" data-widget_type=\"heading.default\">\n\t\t\t\t<div class=\"elementor-widget-container\">\n\t\t\t\t\t<h2 class=\"elementor-heading-title elementor-size-small\">15. Jardins du Marquisat de La Quinta Roja<\/h2>\t\t\t\t<\/div>\n\t\t\t\t<\/div>\n\t\t\t\t<div class=\"elementor-element elementor-element-539e9c08 elementor-widget-divider--view-line elementor-widget elementor-widget-divider\" data-id=\"539e9c08\" data-element_type=\"widget\" data-e-type=\"widget\" data-widget_type=\"divider.default\">\n\t\t\t\t<div class=\"elementor-widget-container\">\n\t\t\t\t\t\t\t<div class=\"elementor-divider\">\n\t\t\t<span class=\"elementor-divider-separator\">\n\t\t\t\t\t\t<\/span>\n\t\t<\/div>\n\t\t\t\t\t\t<\/div>\n\t\t\t\t<\/div>\n\t\t\t\t<div class=\"elementor-element elementor-element-25e634d elementor-widget elementor-widget-wp-widget-media_audio\" data-id=\"25e634d\" data-element_type=\"widget\" data-e-type=\"widget\" data-widget_type=\"wp-widget-media_audio.default\">\n\t\t\t\t<div class=\"elementor-widget-container\">\n\t\t\t\t\t<audio class=\"wp-audio-shortcode\" id=\"audio-1014629-1\" preload=\"none\" style=\"width: 100%;\" controls=\"controls\"><source type=\"audio\/mpeg\" src=\"https:\/\/www.laorotava.es\/turismo\/wp-content\/uploads\/2025\/02\/15_16_pb_jardins_du_marquisat_de_la_quinta_roja_et_fin_de_parcours.mp3?_=1\" \/><source type=\"audio\/mpeg\" src=\"https:\/\/www.laorotava.es\/turismo\/wp-content\/uploads\/2025\/02\/15_16_pb_jardins_du_marquisat_de_la_quinta_roja_et_fin_de_parcours.mp3?_=1\" \/><a href=\"https:\/\/www.laorotava.es\/turismo\/wp-content\/uploads\/2025\/02\/15_16_pb_jardins_du_marquisat_de_la_quinta_roja_et_fin_de_parcours.mp3\">https:\/\/www.laorotava.es\/turismo\/wp-content\/uploads\/2025\/02\/15_16_pb_jardins_du_marquisat_de_la_quinta_roja_et_fin_de_parcours.mp3<\/a><\/audio>\t\t\t\t<\/div>\n\t\t\t\t<\/div>\n\t\t\t\t<div class=\"elementor-element elementor-element-28470822 elementor-widget elementor-widget-text-editor\" data-id=\"28470822\" data-element_type=\"widget\" data-e-type=\"widget\" data-widget_type=\"text-editor.default\">\n\t\t\t\t<div class=\"elementor-widget-container\">\n\t\t\t\t\t\t\t\t\t<p><span style=\"color: #444444;\"><img decoding=\"async\" class=\"alignleft\" src=\"https:\/\/www.laorotava.es\/sites\/default\/files\/styles\/large\/public\/rutas\/15.png?itok=aIXgRn9R\" \/><\/span><\/p><p>Jusqu&#8217;au d\u00e9but du XXe si\u00e8cle, ces jardins faisaient partie des propri\u00e9t\u00e9s des Marquis de Quinta Roja et constituaient une annexe de la maison familiale. Il s&#8217;agit d&#8217;un espace au symbolisme ma\u00e7onnique unique dans les \u00eeles. Il est compos\u00e9 de terrasses en quinconce reli\u00e9es par des all\u00e9es sinueuses. Au sommet se trouve un mausol\u00e9e con\u00e7u \u00e0 l&#8217;origine comme un panth\u00e9on familial, mais qui n&#8217;a jamais \u00e9t\u00e9 utilis\u00e9 comme tel.<\/p><p>Le jardin a \u00e9t\u00e9 con\u00e7u \u00e0 la fin du XIXe si\u00e8cle par madame Sebastiana del Castillo y Manrique de Lara en pr\u00e9vision du fait que son fils, le marquis Diego Ponte del Castillo, ne pourrait pas \u00eatre enterr\u00e9 dans le cimeti\u00e8re local, les autorit\u00e9s eccl\u00e9siastiques ayant refus\u00e9 de l&#8217;enterrer parce qu&#8217;il \u00e9tait franc-ma\u00e7on. Apr\u00e8s des ann\u00e9es de litige avec l&#8217;\u00e9glise, la d\u00e9pouille de son fils fut finalement enterr\u00e9e dans le panth\u00e9on familial du cimeti\u00e8re, laissant ce mausol\u00e9e vide jusqu&#8217;\u00e0 aujourd&#8217;hui.<\/p><p>Certains auteurs pensent que les jardins ont \u00e9t\u00e9 con\u00e7us comme une m\u00e9taphore de l&#8217;\u00e9panouissement cosmique et humain, en tirant parti des irr\u00e9gularit\u00e9s naturelles du terrain. Les sept terrasses, remplies d&#8217;\u00e9l\u00e9ments symboliques, refl\u00e8tent la mont\u00e9e vers le ciel, repr\u00e9sent\u00e9e par le mausol\u00e9e. Selon cette th\u00e9orie, chaque terrasse aurait une signification sp\u00e9cifique et le jardin dans son ensemble repr\u00e9senterait le chemin de l&#8217;illumination humaine, depuis la naissance, dont la m\u00e9taphore est la terrasse inf\u00e9rieure, jusqu&#8217;\u00e0 l&#8217;atteinte de la connaissance, dont l&#8217;image est le temple du mausol\u00e9e.<\/p><p><strong>\u00a0<\/strong>Nous continuons maintenant vers la fin du Parcours Bleu. En traversant les terrasses, nous franchissons un petit pont en bois qui enjambe le ravin. De l\u00e0, nous descendons le long du Liceo Taoro jusqu&#8217;\u00e0 la Place de la Constitution, qui se trouve au-dessus des arcades, point de d\u00e9part de ce parcours.<\/p>\t\t\t\t\t\t\t\t<\/div>\n\t\t\t\t<\/div>\n\t\t\t\t<div class=\"elementor-element elementor-element-1da5b933 elementor-widget elementor-widget-google_maps\" data-id=\"1da5b933\" data-element_type=\"widget\" data-e-type=\"widget\" data-widget_type=\"google_maps.default\">\n\t\t\t\t<div class=\"elementor-widget-container\">\n\t\t\t\t\t\t\t<div class=\"elementor-custom-embed\">\n\t\t\t<iframe loading=\"lazy\"\n\t\t\t\t\tsrc=\"https:\/\/maps.google.com\/maps?q=jardines%20del%20marquesado%20de%20la%20quinta%20roja&#038;t=m&#038;z=16&#038;output=embed&#038;iwloc=near\"\n\t\t\t\t\ttitle=\"jardines del marquesado de la quinta roja\"\n\t\t\t\t\taria-label=\"jardines del marquesado de la quinta roja\"\n\t\t\t><\/iframe>\n\t\t<\/div>\n\t\t\t\t\t\t<\/div>\n\t\t\t\t<\/div>\n\t\t\t\t\t<\/div>\n\t\t<\/div>\n\t\t\t\t\t<\/div>\n\t\t<\/section>\n\t\t\t\t<\/div>\n\t\t","protected":false},"excerpt":{"rendered":"<p>15. Jardins du Marquisat de La Quinta Roja Jusqu&#8217;au d\u00e9but du XXe si\u00e8cle, ces jardins faisaient partie des propri\u00e9t\u00e9s des Marquis de Quinta Roja et constituaient une annexe de la maison familiale. Il s&#8217;agit d&#8217;un espace au symbolisme ma\u00e7onnique unique dans les \u00eeles. Il est compos\u00e9 de terrasses en quinconce reli\u00e9es par des all\u00e9es sinueuses. Au sommet se trouve un mausol\u00e9e con\u00e7u \u00e0 l&#8217;origine comme un panth\u00e9on familial, mais qui n&#8217;a jamais \u00e9t\u00e9 utilis\u00e9 comme tel. Le jardin a \u00e9t\u00e9 con\u00e7u \u00e0 la fin du XIXe si\u00e8cle par madame Sebastiana del Castillo y Manrique de Lara en pr\u00e9vision du fait que son fils, le marquis Diego Ponte del Castillo, ne pourrait pas \u00eatre enterr\u00e9 dans le cimeti\u00e8re local, les autorit\u00e9s eccl\u00e9siastiques ayant refus\u00e9 de l&#8217;enterrer parce qu&#8217;il \u00e9tait franc-ma\u00e7on. Apr\u00e8s des ann\u00e9es de litige avec l&#8217;\u00e9glise, la d\u00e9pouille de son fils fut finalement enterr\u00e9e dans le panth\u00e9on familial du cimeti\u00e8re, laissant ce mausol\u00e9e vide jusqu&#8217;\u00e0 aujourd&#8217;hui. Certains auteurs pensent que les jardins ont \u00e9t\u00e9 con\u00e7us comme une m\u00e9taphore de l&#8217;\u00e9panouissement cosmique et humain, en tirant parti des irr\u00e9gularit\u00e9s naturelles du terrain. Les sept terrasses, remplies d&#8217;\u00e9l\u00e9ments symboliques, refl\u00e8tent la mont\u00e9e vers le ciel, repr\u00e9sent\u00e9e par le mausol\u00e9e. Selon cette th\u00e9orie, chaque terrasse aurait une signification sp\u00e9cifique et le jardin dans son ensemble repr\u00e9senterait le chemin de l&#8217;illumination humaine, depuis la naissance, dont la m\u00e9taphore est la terrasse inf\u00e9rieure, jusqu&#8217;\u00e0 l&#8217;atteinte de la connaissance, dont l&#8217;image est le temple du mausol\u00e9e. \u00a0Nous continuons maintenant vers la fin du Parcours Bleu. En traversant les terrasses, nous franchissons un petit pont en bois qui enjambe le ravin. De l\u00e0, nous descendons le long du Liceo Taoro jusqu&#8217;\u00e0 la Place de la Constitution, qui se trouve au-dessus des arcades, point de d\u00e9part de ce parcours.<\/p>\n","protected":false},"author":3,"featured_media":0,"parent":0,"menu_order":0,"comment_status":"closed","ping_status":"closed","template":"","meta":{"_acf_changed":false,"ocean_post_layout":"","ocean_both_sidebars_style":"","ocean_both_sidebars_content_width":0,"ocean_both_sidebars_sidebars_width":0,"ocean_sidebar":"0","ocean_second_sidebar":"0","ocean_disable_margins":"enable","ocean_add_body_class":"","ocean_shortcode_before_top_bar":"","ocean_shortcode_after_top_bar":"","ocean_shortcode_before_header":"","ocean_shortcode_after_header":"","ocean_has_shortcode":"","ocean_shortcode_after_title":"","ocean_shortcode_before_footer_widgets":"","ocean_shortcode_after_footer_widgets":"","ocean_shortcode_before_footer_bottom":"","ocean_shortcode_after_footer_bottom":"","ocean_display_top_bar":"default","ocean_display_header":"default","ocean_header_style":"","ocean_center_header_left_menu":"0","ocean_custom_header_template":"0","ocean_custom_logo":0,"ocean_custom_retina_logo":0,"ocean_custom_logo_max_width":0,"ocean_custom_logo_tablet_max_width":0,"ocean_custom_logo_mobile_max_width":0,"ocean_custom_logo_max_height":0,"ocean_custom_logo_tablet_max_height":0,"ocean_custom_logo_mobile_max_height":0,"ocean_header_custom_menu":"0","ocean_menu_typo_font_family":"0","ocean_menu_typo_font_subset":"","ocean_menu_typo_font_size":0,"ocean_menu_typo_font_size_tablet":0,"ocean_menu_typo_font_size_mobile":0,"ocean_menu_typo_font_size_unit":"px","ocean_menu_typo_font_weight":"","ocean_menu_typo_font_weight_tablet":"","ocean_menu_typo_font_weight_mobile":"","ocean_menu_typo_transform":"","ocean_menu_typo_transform_tablet":"","ocean_menu_typo_transform_mobile":"","ocean_menu_typo_line_height":0,"ocean_menu_typo_line_height_tablet":0,"ocean_menu_typo_line_height_mobile":0,"ocean_menu_typo_line_height_unit":"","ocean_menu_typo_spacing":0,"ocean_menu_typo_spacing_tablet":0,"ocean_menu_typo_spacing_mobile":0,"ocean_menu_typo_spacing_unit":"","ocean_menu_link_color":"","ocean_menu_link_color_hover":"","ocean_menu_link_color_active":"","ocean_menu_link_background":"","ocean_menu_link_hover_background":"","ocean_menu_link_active_background":"","ocean_menu_social_links_bg":"","ocean_menu_social_hover_links_bg":"","ocean_menu_social_links_color":"","ocean_menu_social_hover_links_color":"","ocean_disable_title":"default","ocean_disable_heading":"on","ocean_post_title":"","ocean_post_subheading":"","ocean_post_title_style":"","ocean_post_title_background_color":"","ocean_post_title_background":0,"ocean_post_title_bg_image_position":"","ocean_post_title_bg_image_attachment":"","ocean_post_title_bg_image_repeat":"","ocean_post_title_bg_image_size":"","ocean_post_title_height":0,"ocean_post_title_bg_overlay":0.5,"ocean_post_title_bg_overlay_color":"","ocean_disable_breadcrumbs":"default","ocean_breadcrumbs_color":"","ocean_breadcrumbs_separator_color":"","ocean_breadcrumbs_links_color":"","ocean_breadcrumbs_links_hover_color":"","ocean_display_footer_widgets":"default","ocean_display_footer_bottom":"default","ocean_custom_footer_template":"0","footnotes":""},"class_list":["post-1014629","page","type-page","status-publish","hentry","entry"],"acf":[],"yoast_head":"<!-- This site is optimized with the Yoast SEO plugin v27.2 - https:\/\/yoast.com\/product\/yoast-seo-wordpress\/ -->\n<title>15. Jardins du Marquisat de La Quinta Roja - Web de Turismo del Ayuntamiento de La Orotava<\/title>\n<meta name=\"robots\" content=\"index, follow, max-snippet:-1, max-image-preview:large, max-video-preview:-1\" \/>\n<link rel=\"canonical\" href=\"https:\/\/www.laorotava.es\/turismo\/fr\/15-jardins-du-marquisat-de-la-quinta-roja-mausolee-maconnique\/\" \/>\n<meta property=\"og:locale\" content=\"es_ES\" \/>\n<meta property=\"og:type\" content=\"article\" \/>\n<meta property=\"og:title\" content=\"15. Jardins du Marquisat de La Quinta Roja - Web de Turismo del Ayuntamiento de La Orotava\" \/>\n<meta property=\"og:description\" content=\"15. Jardins du Marquisat de La Quinta Roja Jusqu&#8217;au d\u00e9but du XXe si\u00e8cle, ces jardins faisaient partie des propri\u00e9t\u00e9s des Marquis de Quinta Roja et constituaient une annexe de la maison familiale. Il s&#8217;agit d&#8217;un espace au symbolisme ma\u00e7onnique unique dans les \u00eeles. Il est compos\u00e9 de terrasses en quinconce reli\u00e9es par des all\u00e9es sinueuses. Au sommet se trouve un mausol\u00e9e con\u00e7u \u00e0 l&#8217;origine comme un panth\u00e9on familial, mais qui n&#8217;a jamais \u00e9t\u00e9 utilis\u00e9 comme tel. Le jardin a \u00e9t\u00e9 con\u00e7u \u00e0 la fin du XIXe si\u00e8cle par madame Sebastiana del Castillo y Manrique de Lara en pr\u00e9vision du fait que son fils, le marquis Diego Ponte del Castillo, ne pourrait pas \u00eatre enterr\u00e9 dans le cimeti\u00e8re local, les autorit\u00e9s eccl\u00e9siastiques ayant refus\u00e9 de l&#8217;enterrer parce qu&#8217;il \u00e9tait franc-ma\u00e7on. Apr\u00e8s des ann\u00e9es de litige avec l&#8217;\u00e9glise, la d\u00e9pouille de son fils fut finalement enterr\u00e9e dans le panth\u00e9on familial du cimeti\u00e8re, laissant ce mausol\u00e9e vide jusqu&#8217;\u00e0 aujourd&#8217;hui. Certains auteurs pensent que les jardins ont \u00e9t\u00e9 con\u00e7us comme une m\u00e9taphore de l&#8217;\u00e9panouissement cosmique et humain, en tirant parti des irr\u00e9gularit\u00e9s naturelles du terrain. Les sept terrasses, remplies d&#8217;\u00e9l\u00e9ments symboliques, refl\u00e8tent la mont\u00e9e vers le ciel, repr\u00e9sent\u00e9e par le mausol\u00e9e. Selon cette th\u00e9orie, chaque terrasse aurait une signification sp\u00e9cifique et le jardin dans son ensemble repr\u00e9senterait le chemin de l&#8217;illumination humaine, depuis la naissance, dont la m\u00e9taphore est la terrasse inf\u00e9rieure, jusqu&#8217;\u00e0 l&#8217;atteinte de la connaissance, dont l&#8217;image est le temple du mausol\u00e9e. \u00a0Nous continuons maintenant vers la fin du Parcours Bleu. En traversant les terrasses, nous franchissons un petit pont en bois qui enjambe le ravin. De l\u00e0, nous descendons le long du Liceo Taoro jusqu&#8217;\u00e0 la Place de la Constitution, qui se trouve au-dessus des arcades, point de d\u00e9part de ce parcours.\" \/>\n<meta property=\"og:url\" content=\"https:\/\/www.laorotava.es\/turismo\/fr\/15-jardins-du-marquisat-de-la-quinta-roja-mausolee-maconnique\/\" \/>\n<meta property=\"og:site_name\" content=\"Web de Turismo del Ayuntamiento de La Orotava\" \/>\n<meta property=\"article:publisher\" content=\"https:\/\/www.facebook.com\/TurismoLaOrotava\/\" \/>\n<meta property=\"article:modified_time\" content=\"2025-02-21T09:35:43+00:00\" \/>\n<meta property=\"og:image\" content=\"https:\/\/www.laorotava.es\/sites\/default\/files\/styles\/large\/public\/rutas\/15.png?itok=aIXgRn9R\" \/>\n<meta name=\"twitter:card\" content=\"summary_large_image\" \/>\n<meta name=\"twitter:site\" content=\"@LaOrotava\" \/>\n<meta name=\"twitter:label1\" content=\"Tiempo de lectura\" \/>\n\t<meta name=\"twitter:data1\" content=\"2 minutos\" \/>\n<script type=\"application\/ld+json\" class=\"yoast-schema-graph\">{\"@context\":\"https:\/\/schema.org\",\"@graph\":[{\"@type\":\"WebPage\",\"@id\":\"https:\/\/www.laorotava.es\/turismo\/fr\/15-jardins-du-marquisat-de-la-quinta-roja-mausolee-maconnique\/\",\"url\":\"https:\/\/www.laorotava.es\/turismo\/fr\/15-jardins-du-marquisat-de-la-quinta-roja-mausolee-maconnique\/\",\"name\":\"15. Jardins du Marquisat de La Quinta Roja - Web de Turismo del Ayuntamiento de La Orotava\",\"isPartOf\":{\"@id\":\"https:\/\/www.laorotava.es\/turismo\/#website\"},\"primaryImageOfPage\":{\"@id\":\"https:\/\/www.laorotava.es\/turismo\/fr\/15-jardins-du-marquisat-de-la-quinta-roja-mausolee-maconnique\/#primaryimage\"},\"image\":{\"@id\":\"https:\/\/www.laorotava.es\/turismo\/fr\/15-jardins-du-marquisat-de-la-quinta-roja-mausolee-maconnique\/#primaryimage\"},\"thumbnailUrl\":\"https:\/\/www.laorotava.es\/sites\/default\/files\/styles\/large\/public\/rutas\/15.png?itok=aIXgRn9R\",\"datePublished\":\"2022-10-13T11:24:51+00:00\",\"dateModified\":\"2025-02-21T09:35:43+00:00\",\"breadcrumb\":{\"@id\":\"https:\/\/www.laorotava.es\/turismo\/fr\/15-jardins-du-marquisat-de-la-quinta-roja-mausolee-maconnique\/#breadcrumb\"},\"inLanguage\":\"es\",\"potentialAction\":[{\"@type\":\"ReadAction\",\"target\":[\"https:\/\/www.laorotava.es\/turismo\/fr\/15-jardins-du-marquisat-de-la-quinta-roja-mausolee-maconnique\/\"]}]},{\"@type\":\"ImageObject\",\"inLanguage\":\"es\",\"@id\":\"https:\/\/www.laorotava.es\/turismo\/fr\/15-jardins-du-marquisat-de-la-quinta-roja-mausolee-maconnique\/#primaryimage\",\"url\":\"https:\/\/www.laorotava.es\/sites\/default\/files\/styles\/large\/public\/rutas\/15.png?itok=aIXgRn9R\",\"contentUrl\":\"https:\/\/www.laorotava.es\/sites\/default\/files\/styles\/large\/public\/rutas\/15.png?itok=aIXgRn9R\"},{\"@type\":\"BreadcrumbList\",\"@id\":\"https:\/\/www.laorotava.es\/turismo\/fr\/15-jardins-du-marquisat-de-la-quinta-roja-mausolee-maconnique\/#breadcrumb\",\"itemListElement\":[{\"@type\":\"ListItem\",\"position\":1,\"name\":\"Portada\",\"item\":\"https:\/\/www.laorotava.es\/turismo\/\"},{\"@type\":\"ListItem\",\"position\":2,\"name\":\"15. Jardins du Marquisat de La Quinta Roja\"}]},{\"@type\":\"WebSite\",\"@id\":\"https:\/\/www.laorotava.es\/turismo\/#website\",\"url\":\"https:\/\/www.laorotava.es\/turismo\/\",\"name\":\"Web de Turismo del Ayuntamiento de La Orotava\",\"description\":\"\",\"publisher\":{\"@id\":\"https:\/\/www.laorotava.es\/turismo\/#organization\"},\"potentialAction\":[{\"@type\":\"SearchAction\",\"target\":{\"@type\":\"EntryPoint\",\"urlTemplate\":\"https:\/\/www.laorotava.es\/turismo\/?s={search_term_string}\"},\"query-input\":{\"@type\":\"PropertyValueSpecification\",\"valueRequired\":true,\"valueName\":\"search_term_string\"}}],\"inLanguage\":\"es\"},{\"@type\":\"Organization\",\"@id\":\"https:\/\/www.laorotava.es\/turismo\/#organization\",\"name\":\"Ayuntamiento de La Orotava\",\"url\":\"https:\/\/www.laorotava.es\/turismo\/\",\"logo\":{\"@type\":\"ImageObject\",\"inLanguage\":\"es\",\"@id\":\"https:\/\/www.laorotava.es\/turismo\/#\/schema\/logo\/image\/\",\"url\":\"https:\/\/www.laorotava.es\/turismo\/wp-content\/uploads\/2022\/08\/logo.png\",\"contentUrl\":\"https:\/\/www.laorotava.es\/turismo\/wp-content\/uploads\/2022\/08\/logo.png\",\"width\":1195,\"height\":180,\"caption\":\"Ayuntamiento de La Orotava\"},\"image\":{\"@id\":\"https:\/\/www.laorotava.es\/turismo\/#\/schema\/logo\/image\/\"},\"sameAs\":[\"https:\/\/www.facebook.com\/TurismoLaOrotava\/\",\"https:\/\/x.com\/LaOrotava\"]}]}<\/script>\n<!-- \/ Yoast SEO plugin. -->","yoast_head_json":{"title":"15. Jardins du Marquisat de La Quinta Roja - Web de Turismo del Ayuntamiento de La Orotava","robots":{"index":"index","follow":"follow","max-snippet":"max-snippet:-1","max-image-preview":"max-image-preview:large","max-video-preview":"max-video-preview:-1"},"canonical":"https:\/\/www.laorotava.es\/turismo\/fr\/15-jardins-du-marquisat-de-la-quinta-roja-mausolee-maconnique\/","og_locale":"es_ES","og_type":"article","og_title":"15. Jardins du Marquisat de La Quinta Roja - Web de Turismo del Ayuntamiento de La Orotava","og_description":"15. Jardins du Marquisat de La Quinta Roja Jusqu&#8217;au d\u00e9but du XXe si\u00e8cle, ces jardins faisaient partie des propri\u00e9t\u00e9s des Marquis de Quinta Roja et constituaient une annexe de la maison familiale. Il s&#8217;agit d&#8217;un espace au symbolisme ma\u00e7onnique unique dans les \u00eeles. Il est compos\u00e9 de terrasses en quinconce reli\u00e9es par des all\u00e9es sinueuses. Au sommet se trouve un mausol\u00e9e con\u00e7u \u00e0 l&#8217;origine comme un panth\u00e9on familial, mais qui n&#8217;a jamais \u00e9t\u00e9 utilis\u00e9 comme tel. Le jardin a \u00e9t\u00e9 con\u00e7u \u00e0 la fin du XIXe si\u00e8cle par madame Sebastiana del Castillo y Manrique de Lara en pr\u00e9vision du fait que son fils, le marquis Diego Ponte del Castillo, ne pourrait pas \u00eatre enterr\u00e9 dans le cimeti\u00e8re local, les autorit\u00e9s eccl\u00e9siastiques ayant refus\u00e9 de l&#8217;enterrer parce qu&#8217;il \u00e9tait franc-ma\u00e7on. Apr\u00e8s des ann\u00e9es de litige avec l&#8217;\u00e9glise, la d\u00e9pouille de son fils fut finalement enterr\u00e9e dans le panth\u00e9on familial du cimeti\u00e8re, laissant ce mausol\u00e9e vide jusqu&#8217;\u00e0 aujourd&#8217;hui. Certains auteurs pensent que les jardins ont \u00e9t\u00e9 con\u00e7us comme une m\u00e9taphore de l&#8217;\u00e9panouissement cosmique et humain, en tirant parti des irr\u00e9gularit\u00e9s naturelles du terrain. Les sept terrasses, remplies d&#8217;\u00e9l\u00e9ments symboliques, refl\u00e8tent la mont\u00e9e vers le ciel, repr\u00e9sent\u00e9e par le mausol\u00e9e. Selon cette th\u00e9orie, chaque terrasse aurait une signification sp\u00e9cifique et le jardin dans son ensemble repr\u00e9senterait le chemin de l&#8217;illumination humaine, depuis la naissance, dont la m\u00e9taphore est la terrasse inf\u00e9rieure, jusqu&#8217;\u00e0 l&#8217;atteinte de la connaissance, dont l&#8217;image est le temple du mausol\u00e9e. \u00a0Nous continuons maintenant vers la fin du Parcours Bleu. En traversant les terrasses, nous franchissons un petit pont en bois qui enjambe le ravin. De l\u00e0, nous descendons le long du Liceo Taoro jusqu&#8217;\u00e0 la Place de la Constitution, qui se trouve au-dessus des arcades, point de d\u00e9part de ce parcours.","og_url":"https:\/\/www.laorotava.es\/turismo\/fr\/15-jardins-du-marquisat-de-la-quinta-roja-mausolee-maconnique\/","og_site_name":"Web de Turismo del Ayuntamiento de La Orotava","article_publisher":"https:\/\/www.facebook.com\/TurismoLaOrotava\/","article_modified_time":"2025-02-21T09:35:43+00:00","og_image":[{"url":"https:\/\/www.laorotava.es\/sites\/default\/files\/styles\/large\/public\/rutas\/15.png?itok=aIXgRn9R","type":"","width":"","height":""}],"twitter_card":"summary_large_image","twitter_site":"@LaOrotava","twitter_misc":{"Tiempo de lectura":"2 minutos"},"schema":{"@context":"https:\/\/schema.org","@graph":[{"@type":"WebPage","@id":"https:\/\/www.laorotava.es\/turismo\/fr\/15-jardins-du-marquisat-de-la-quinta-roja-mausolee-maconnique\/","url":"https:\/\/www.laorotava.es\/turismo\/fr\/15-jardins-du-marquisat-de-la-quinta-roja-mausolee-maconnique\/","name":"15. Jardins du Marquisat de La Quinta Roja - Web de Turismo del Ayuntamiento de La Orotava","isPartOf":{"@id":"https:\/\/www.laorotava.es\/turismo\/#website"},"primaryImageOfPage":{"@id":"https:\/\/www.laorotava.es\/turismo\/fr\/15-jardins-du-marquisat-de-la-quinta-roja-mausolee-maconnique\/#primaryimage"},"image":{"@id":"https:\/\/www.laorotava.es\/turismo\/fr\/15-jardins-du-marquisat-de-la-quinta-roja-mausolee-maconnique\/#primaryimage"},"thumbnailUrl":"https:\/\/www.laorotava.es\/sites\/default\/files\/styles\/large\/public\/rutas\/15.png?itok=aIXgRn9R","datePublished":"2022-10-13T11:24:51+00:00","dateModified":"2025-02-21T09:35:43+00:00","breadcrumb":{"@id":"https:\/\/www.laorotava.es\/turismo\/fr\/15-jardins-du-marquisat-de-la-quinta-roja-mausolee-maconnique\/#breadcrumb"},"inLanguage":"es","potentialAction":[{"@type":"ReadAction","target":["https:\/\/www.laorotava.es\/turismo\/fr\/15-jardins-du-marquisat-de-la-quinta-roja-mausolee-maconnique\/"]}]},{"@type":"ImageObject","inLanguage":"es","@id":"https:\/\/www.laorotava.es\/turismo\/fr\/15-jardins-du-marquisat-de-la-quinta-roja-mausolee-maconnique\/#primaryimage","url":"https:\/\/www.laorotava.es\/sites\/default\/files\/styles\/large\/public\/rutas\/15.png?itok=aIXgRn9R","contentUrl":"https:\/\/www.laorotava.es\/sites\/default\/files\/styles\/large\/public\/rutas\/15.png?itok=aIXgRn9R"},{"@type":"BreadcrumbList","@id":"https:\/\/www.laorotava.es\/turismo\/fr\/15-jardins-du-marquisat-de-la-quinta-roja-mausolee-maconnique\/#breadcrumb","itemListElement":[{"@type":"ListItem","position":1,"name":"Portada","item":"https:\/\/www.laorotava.es\/turismo\/"},{"@type":"ListItem","position":2,"name":"15. Jardins du Marquisat de La Quinta Roja"}]},{"@type":"WebSite","@id":"https:\/\/www.laorotava.es\/turismo\/#website","url":"https:\/\/www.laorotava.es\/turismo\/","name":"Web de Turismo del Ayuntamiento de La Orotava","description":"","publisher":{"@id":"https:\/\/www.laorotava.es\/turismo\/#organization"},"potentialAction":[{"@type":"SearchAction","target":{"@type":"EntryPoint","urlTemplate":"https:\/\/www.laorotava.es\/turismo\/?s={search_term_string}"},"query-input":{"@type":"PropertyValueSpecification","valueRequired":true,"valueName":"search_term_string"}}],"inLanguage":"es"},{"@type":"Organization","@id":"https:\/\/www.laorotava.es\/turismo\/#organization","name":"Ayuntamiento de La Orotava","url":"https:\/\/www.laorotava.es\/turismo\/","logo":{"@type":"ImageObject","inLanguage":"es","@id":"https:\/\/www.laorotava.es\/turismo\/#\/schema\/logo\/image\/","url":"https:\/\/www.laorotava.es\/turismo\/wp-content\/uploads\/2022\/08\/logo.png","contentUrl":"https:\/\/www.laorotava.es\/turismo\/wp-content\/uploads\/2022\/08\/logo.png","width":1195,"height":180,"caption":"Ayuntamiento de La Orotava"},"image":{"@id":"https:\/\/www.laorotava.es\/turismo\/#\/schema\/logo\/image\/"},"sameAs":["https:\/\/www.facebook.com\/TurismoLaOrotava\/","https:\/\/x.com\/LaOrotava"]}]}},"_links":{"self":[{"href":"https:\/\/www.laorotava.es\/turismo\/wp-json\/wp\/v2\/pages\/1014629","targetHints":{"allow":["GET"]}}],"collection":[{"href":"https:\/\/www.laorotava.es\/turismo\/wp-json\/wp\/v2\/pages"}],"about":[{"href":"https:\/\/www.laorotava.es\/turismo\/wp-json\/wp\/v2\/types\/page"}],"author":[{"embeddable":true,"href":"https:\/\/www.laorotava.es\/turismo\/wp-json\/wp\/v2\/users\/3"}],"replies":[{"embeddable":true,"href":"https:\/\/www.laorotava.es\/turismo\/wp-json\/wp\/v2\/comments?post=1014629"}],"version-history":[{"count":7,"href":"https:\/\/www.laorotava.es\/turismo\/wp-json\/wp\/v2\/pages\/1014629\/revisions"}],"predecessor-version":[{"id":1021120,"href":"https:\/\/www.laorotava.es\/turismo\/wp-json\/wp\/v2\/pages\/1014629\/revisions\/1021120"}],"wp:attachment":[{"href":"https:\/\/www.laorotava.es\/turismo\/wp-json\/wp\/v2\/media?parent=1014629"}],"curies":[{"name":"wp","href":"https:\/\/api.w.org\/{rel}","templated":true}]}}