{"id":603,"date":"2017-05-27T10:50:41","date_gmt":"2017-05-27T10:50:41","guid":{"rendered":"https:\/\/www.laorotava.es\/turismo\/?page_id=603"},"modified":"2017-05-27T10:50:41","modified_gmt":"2017-05-27T10:50:41","slug":"museo-de-artesania-iberoamericana-mait","status":"publish","type":"page","link":"https:\/\/www.laorotava.es\/turismo\/museo-de-artesania-iberoamericana-mait\/","title":{"rendered":"Museo de Artesan\u00eda Iberoamericana &#8211; MAIT"},"content":{"rendered":"<p>El Museo de Artesan\u00eda Iberoamericana de Tenerife-M.A.I.T. tiene su sede en la Orotava, en el ex-convento de San Benito Abad, regentado por la orden de los dominicos (en la actualidad ex-convento de Santo Domingo), del siglo XVII, y dependiente del Cabildo Insular de Tenerife.<\/p>\n<p>En el siglo XVIII, el Convento se convierte en uno de los m\u00e1s importantes de la provincia por la belleza de sus instalaciones (el arco de piedra de la entrada, el Claustro, los techos de madera, la escalera de piedra) que recogen parte del trabajo realizado por el arquitecto, escultor y dorador canario, Antonio de Orbar\u00e1n.<\/p>\n<p><img fetchpriority=\"high\" decoding=\"async\" class=\" size-full wp-image-599\" alt=\"\" src=\"https:\/\/www.laorotava.es\/turismo\/wp-content\/uploads\/2017\/05\/2b5aa7f22521fa02463afc82ebabc46031d97083bcd83e4c61pimgpsh_fullsize_distr.png\" width=\"1157\" height=\"1183\" srcset=\"https:\/\/www.laorotava.es\/turismo\/wp-content\/uploads\/2017\/05\/2b5aa7f22521fa02463afc82ebabc46031d97083bcd83e4c61pimgpsh_fullsize_distr.png 1157w, https:\/\/www.laorotava.es\/turismo\/wp-content\/uploads\/2017\/05\/2b5aa7f22521fa02463afc82ebabc46031d97083bcd83e4c61pimgpsh_fullsize_distr-293x300.png 293w, https:\/\/www.laorotava.es\/turismo\/wp-content\/uploads\/2017\/05\/2b5aa7f22521fa02463afc82ebabc46031d97083bcd83e4c61pimgpsh_fullsize_distr-1001x1024.png 1001w, https:\/\/www.laorotava.es\/turismo\/wp-content\/uploads\/2017\/05\/2b5aa7f22521fa02463afc82ebabc46031d97083bcd83e4c61pimgpsh_fullsize_distr-768x785.png 768w\" sizes=\"(max-width: 1157px) 100vw, 1157px\" \/><\/p>\n<p>Con el objetivo de dar a conocer la realidad artesana de un modo inmediato y tangible, se crea una gran exposici\u00f3n permanente, representativa de todas las artesan\u00edas iberoamericanas, tanto actuales como desaparecidas, con especial incidencia en la canaria. Unas y otras proceden de importantes colecciones cedidas por los organismos patrocinadores, adem\u00e1s de las adquiridas por el propio centro y las donaciones particulares, confirmando muestras tan atractivas como la importante colecci\u00f3n &#8220;Arte popular en Am\u00e9rica y Filipinas&#8221;, Los Premios Regionales de Dise\u00f1o de Artesan\u00eda Canaria, los instrumentos musicales populares de Espa\u00f1a y Am\u00e9rica o la alfarer\u00eda popular espa\u00f1ola.<\/p>\n<p><img decoding=\"async\" class=\" size-full wp-image-601\" alt=\"\" src=\"https:\/\/www.laorotava.es\/turismo\/wp-content\/uploads\/2017\/05\/b54b425890d230d24de1ebaeb654390770eadc46ff7de1c7a3pimgpsh_fullsize_distr.png\" style=\"height:733px; width:1200px\" width=\"1200\" height=\"733\" srcset=\"https:\/\/www.laorotava.es\/turismo\/wp-content\/uploads\/2017\/05\/b54b425890d230d24de1ebaeb654390770eadc46ff7de1c7a3pimgpsh_fullsize_distr.png 1200w, https:\/\/www.laorotava.es\/turismo\/wp-content\/uploads\/2017\/05\/b54b425890d230d24de1ebaeb654390770eadc46ff7de1c7a3pimgpsh_fullsize_distr-300x183.png 300w, https:\/\/www.laorotava.es\/turismo\/wp-content\/uploads\/2017\/05\/b54b425890d230d24de1ebaeb654390770eadc46ff7de1c7a3pimgpsh_fullsize_distr-1024x625.png 1024w, https:\/\/www.laorotava.es\/turismo\/wp-content\/uploads\/2017\/05\/b54b425890d230d24de1ebaeb654390770eadc46ff7de1c7a3pimgpsh_fullsize_distr-768x469.png 768w\" sizes=\"(max-width: 1200px) 100vw, 1200px\" \/><\/p>\n<p>&nbsp;<\/p>\n<p>Horario: de lunes a viernes de 10:00 a 15:00 horas<\/p>\n<p>Direcci\u00f3n:&nbsp;calle Tom\u00e1s Zerolo, n\u00ba 34. La Orotava.<\/p>\n<p>Precio: 2 euros visitantes, residentes en Tenerife gratis.<\/p>\n<p>Tel\u00e9fono<strong>:<\/strong>&nbsp;922.32.81.60<\/p>\n<p>(Para m\u00e1s informaci\u00f3n: perfil de Facebook)<\/p>\n","protected":false},"excerpt":{"rendered":"<p>El Museo de Artesan\u00eda Iberoamericana de Tenerife-M.A.I.T. tiene su sede en la Orotava, en el ex-convento de San Benito Abad, regentado por la orden de los dominicos (en la actualidad ex-convento de Santo Domingo), del siglo XVII, y dependiente del Cabildo Insular de Tenerife. En el siglo XVIII, el Convento se convierte en uno de los m\u00e1s importantes de la provincia por la belleza de sus instalaciones (el arco de piedra de la entrada, el Claustro, los techos de madera, la escalera de piedra) que recogen parte del trabajo realizado por el arquitecto, escultor y dorador canario, Antonio de Orbar\u00e1n. Con el objetivo de dar a conocer la realidad artesana de un modo inmediato y tangible, se crea una gran exposici\u00f3n permanente, representativa de todas las artesan\u00edas iberoamericanas, tanto actuales como desaparecidas, con especial incidencia en la canaria. Unas y otras proceden de importantes colecciones cedidas por los organismos patrocinadores, adem\u00e1s de las adquiridas por el propio centro y las donaciones particulares, confirmando muestras tan atractivas como la importante colecci\u00f3n &#8220;Arte popular en Am\u00e9rica y Filipinas&#8221;, Los Premios Regionales de Dise\u00f1o de Artesan\u00eda Canaria, los instrumentos musicales populares de Espa\u00f1a y Am\u00e9rica o la alfarer\u00eda popular espa\u00f1ola. &nbsp; Horario: de lunes a viernes de 10:00 a 15:00 horas Direcci\u00f3n:&nbsp;calle Tom\u00e1s Zerolo, n\u00ba 34. La Orotava. Precio: 2 euros visitantes, residentes en Tenerife gratis. Tel\u00e9fono:&nbsp;922.32.81.60 (Para m\u00e1s informaci\u00f3n: perfil de Facebook)<\/p>\n","protected":false},"author":3,"featured_media":597,"parent":0,"menu_order":0,"comment_status":"closed","ping_status":"closed","template":"","meta":{"_acf_changed":false,"ocean_post_layout":"","ocean_both_sidebars_style":"","ocean_both_sidebars_content_width":0,"ocean_both_sidebars_sidebars_width":0,"ocean_sidebar":"","ocean_second_sidebar":"","ocean_disable_margins":"enable","ocean_add_body_class":"","ocean_shortcode_before_top_bar":"","ocean_shortcode_after_top_bar":"","ocean_shortcode_before_header":"","ocean_shortcode_after_header":"","ocean_has_shortcode":"","ocean_shortcode_after_title":"","ocean_shortcode_before_footer_widgets":"","ocean_shortcode_after_footer_widgets":"","ocean_shortcode_before_footer_bottom":"","ocean_shortcode_after_footer_bottom":"","ocean_display_top_bar":"default","ocean_display_header":"default","ocean_header_style":"","ocean_center_header_left_menu":"","ocean_custom_header_template":"","ocean_custom_logo":0,"ocean_custom_retina_logo":0,"ocean_custom_logo_max_width":0,"ocean_custom_logo_tablet_max_width":0,"ocean_custom_logo_mobile_max_width":0,"ocean_custom_logo_max_height":0,"ocean_custom_logo_tablet_max_height":0,"ocean_custom_logo_mobile_max_height":0,"ocean_header_custom_menu":"","ocean_menu_typo_font_family":"","ocean_menu_typo_font_subset":"","ocean_menu_typo_font_size":0,"ocean_menu_typo_font_size_tablet":0,"ocean_menu_typo_font_size_mobile":0,"ocean_menu_typo_font_size_unit":"px","ocean_menu_typo_font_weight":"","ocean_menu_typo_font_weight_tablet":"","ocean_menu_typo_font_weight_mobile":"","ocean_menu_typo_transform":"","ocean_menu_typo_transform_tablet":"","ocean_menu_typo_transform_mobile":"","ocean_menu_typo_line_height":0,"ocean_menu_typo_line_height_tablet":0,"ocean_menu_typo_line_height_mobile":0,"ocean_menu_typo_line_height_unit":"","ocean_menu_typo_spacing":0,"ocean_menu_typo_spacing_tablet":0,"ocean_menu_typo_spacing_mobile":0,"ocean_menu_typo_spacing_unit":"","ocean_menu_link_color":"","ocean_menu_link_color_hover":"","ocean_menu_link_color_active":"","ocean_menu_link_background":"","ocean_menu_link_hover_background":"","ocean_menu_link_active_background":"","ocean_menu_social_links_bg":"","ocean_menu_social_hover_links_bg":"","ocean_menu_social_links_color":"","ocean_menu_social_hover_links_color":"","ocean_disable_title":"default","ocean_disable_heading":"default","ocean_post_title":"","ocean_post_subheading":"","ocean_post_title_style":"","ocean_post_title_background_color":"","ocean_post_title_background":0,"ocean_post_title_bg_image_position":"","ocean_post_title_bg_image_attachment":"","ocean_post_title_bg_image_repeat":"","ocean_post_title_bg_image_size":"","ocean_post_title_height":0,"ocean_post_title_bg_overlay":0.5,"ocean_post_title_bg_overlay_color":"","ocean_disable_breadcrumbs":"default","ocean_breadcrumbs_color":"","ocean_breadcrumbs_separator_color":"","ocean_breadcrumbs_links_color":"","ocean_breadcrumbs_links_hover_color":"","ocean_display_footer_widgets":"default","ocean_display_footer_bottom":"default","ocean_custom_footer_template":"","footnotes":""},"class_list":["post-603","page","type-page","status-publish","has-post-thumbnail","hentry","entry","has-media"],"acf":[],"yoast_head":"<!-- This site is optimized with the Yoast SEO plugin v27.2 - https:\/\/yoast.com\/product\/yoast-seo-wordpress\/ -->\n<title>Museo de Artesan\u00eda Iberoamericana - MAIT - Web de Turismo del Ayuntamiento de La Orotava<\/title>\n<meta name=\"robots\" content=\"index, follow, max-snippet:-1, max-image-preview:large, max-video-preview:-1\" \/>\n<link rel=\"canonical\" href=\"https:\/\/www.laorotava.es\/turismo\/museo-de-artesania-iberoamericana-mait\/\" \/>\n<meta property=\"og:locale\" content=\"es_ES\" \/>\n<meta property=\"og:type\" content=\"article\" \/>\n<meta property=\"og:title\" content=\"Museo de Artesan\u00eda Iberoamericana - MAIT - Web de Turismo del Ayuntamiento de La Orotava\" \/>\n<meta property=\"og:description\" content=\"El Museo de Artesan\u00eda Iberoamericana de Tenerife-M.A.I.T. tiene su sede en la Orotava, en el ex-convento de San Benito Abad, regentado por la orden de los dominicos (en la actualidad ex-convento de Santo Domingo), del siglo XVII, y dependiente del Cabildo Insular de Tenerife. En el siglo XVIII, el Convento se convierte en uno de los m\u00e1s importantes de la provincia por la belleza de sus instalaciones (el arco de piedra de la entrada, el Claustro, los techos de madera, la escalera de piedra) que recogen parte del trabajo realizado por el arquitecto, escultor y dorador canario, Antonio de Orbar\u00e1n. Con el objetivo de dar a conocer la realidad artesana de un modo inmediato y tangible, se crea una gran exposici\u00f3n permanente, representativa de todas las artesan\u00edas iberoamericanas, tanto actuales como desaparecidas, con especial incidencia en la canaria. Unas y otras proceden de importantes colecciones cedidas por los organismos patrocinadores, adem\u00e1s de las adquiridas por el propio centro y las donaciones particulares, confirmando muestras tan atractivas como la importante colecci\u00f3n &#8220;Arte popular en Am\u00e9rica y Filipinas&#8221;, Los Premios Regionales de Dise\u00f1o de Artesan\u00eda Canaria, los instrumentos musicales populares de Espa\u00f1a y Am\u00e9rica o la alfarer\u00eda popular espa\u00f1ola. &nbsp; Horario: de lunes a viernes de 10:00 a 15:00 horas Direcci\u00f3n:&nbsp;calle Tom\u00e1s Zerolo, n\u00ba 34. La Orotava. Precio: 2 euros visitantes, residentes en Tenerife gratis. Tel\u00e9fono:&nbsp;922.32.81.60 (Para m\u00e1s informaci\u00f3n: perfil de Facebook)\" \/>\n<meta property=\"og:url\" content=\"https:\/\/www.laorotava.es\/turismo\/museo-de-artesania-iberoamericana-mait\/\" \/>\n<meta property=\"og:site_name\" content=\"Web de Turismo del Ayuntamiento de La Orotava\" \/>\n<meta property=\"article:publisher\" content=\"https:\/\/www.facebook.com\/TurismoLaOrotava\/\" \/>\n<meta property=\"og:image\" content=\"https:\/\/www.laorotava.es\/turismo\/wp-content\/uploads\/2017\/06\/5fa7b986bb38aca80618e26530b1827f0a6e764c6ee57c1211pimgpsh_thumbnail_win_distr.jpg\" \/>\n\t<meta property=\"og:image:width\" content=\"230\" \/>\n\t<meta property=\"og:image:height\" content=\"164\" \/>\n\t<meta property=\"og:image:type\" content=\"image\/jpeg\" \/>\n<meta name=\"twitter:card\" content=\"summary_large_image\" \/>\n<meta name=\"twitter:site\" content=\"@LaOrotava\" \/>\n<meta name=\"twitter:label1\" content=\"Tiempo de lectura\" \/>\n\t<meta name=\"twitter:data1\" content=\"1 minuto\" \/>\n<script type=\"application\/ld+json\" class=\"yoast-schema-graph\">{\"@context\":\"https:\/\/schema.org\",\"@graph\":[{\"@type\":\"WebPage\",\"@id\":\"https:\/\/www.laorotava.es\/turismo\/museo-de-artesania-iberoamericana-mait\/\",\"url\":\"https:\/\/www.laorotava.es\/turismo\/museo-de-artesania-iberoamericana-mait\/\",\"name\":\"Museo de Artesan\u00eda Iberoamericana - MAIT - Web de Turismo del Ayuntamiento de La Orotava\",\"isPartOf\":{\"@id\":\"https:\/\/www.laorotava.es\/turismo\/#website\"},\"primaryImageOfPage\":{\"@id\":\"https:\/\/www.laorotava.es\/turismo\/museo-de-artesania-iberoamericana-mait\/#primaryimage\"},\"image\":{\"@id\":\"https:\/\/www.laorotava.es\/turismo\/museo-de-artesania-iberoamericana-mait\/#primaryimage\"},\"thumbnailUrl\":\"https:\/\/www.laorotava.es\/turismo\/wp-content\/uploads\/2017\/06\/5fa7b986bb38aca80618e26530b1827f0a6e764c6ee57c1211pimgpsh_thumbnail_win_distr.jpg\",\"datePublished\":\"2017-05-27T10:50:41+00:00\",\"breadcrumb\":{\"@id\":\"https:\/\/www.laorotava.es\/turismo\/museo-de-artesania-iberoamericana-mait\/#breadcrumb\"},\"inLanguage\":\"es\",\"potentialAction\":[{\"@type\":\"ReadAction\",\"target\":[\"https:\/\/www.laorotava.es\/turismo\/museo-de-artesania-iberoamericana-mait\/\"]}]},{\"@type\":\"ImageObject\",\"inLanguage\":\"es\",\"@id\":\"https:\/\/www.laorotava.es\/turismo\/museo-de-artesania-iberoamericana-mait\/#primaryimage\",\"url\":\"https:\/\/www.laorotava.es\/turismo\/wp-content\/uploads\/2017\/06\/5fa7b986bb38aca80618e26530b1827f0a6e764c6ee57c1211pimgpsh_thumbnail_win_distr.jpg\",\"contentUrl\":\"https:\/\/www.laorotava.es\/turismo\/wp-content\/uploads\/2017\/06\/5fa7b986bb38aca80618e26530b1827f0a6e764c6ee57c1211pimgpsh_thumbnail_win_distr.jpg\",\"width\":230,\"height\":164,\"caption\":\"Museo de Artesan\u00eda Iberoamericana de Tenerife\"},{\"@type\":\"BreadcrumbList\",\"@id\":\"https:\/\/www.laorotava.es\/turismo\/museo-de-artesania-iberoamericana-mait\/#breadcrumb\",\"itemListElement\":[{\"@type\":\"ListItem\",\"position\":1,\"name\":\"Portada\",\"item\":\"https:\/\/www.laorotava.es\/turismo\/\"},{\"@type\":\"ListItem\",\"position\":2,\"name\":\"Museo de Artesan\u00eda Iberoamericana &#8211; MAIT\"}]},{\"@type\":\"WebSite\",\"@id\":\"https:\/\/www.laorotava.es\/turismo\/#website\",\"url\":\"https:\/\/www.laorotava.es\/turismo\/\",\"name\":\"Web de Turismo del Ayuntamiento de La Orotava\",\"description\":\"\",\"publisher\":{\"@id\":\"https:\/\/www.laorotava.es\/turismo\/#organization\"},\"potentialAction\":[{\"@type\":\"SearchAction\",\"target\":{\"@type\":\"EntryPoint\",\"urlTemplate\":\"https:\/\/www.laorotava.es\/turismo\/?s={search_term_string}\"},\"query-input\":{\"@type\":\"PropertyValueSpecification\",\"valueRequired\":true,\"valueName\":\"search_term_string\"}}],\"inLanguage\":\"es\"},{\"@type\":\"Organization\",\"@id\":\"https:\/\/www.laorotava.es\/turismo\/#organization\",\"name\":\"Ayuntamiento de La Orotava\",\"url\":\"https:\/\/www.laorotava.es\/turismo\/\",\"logo\":{\"@type\":\"ImageObject\",\"inLanguage\":\"es\",\"@id\":\"https:\/\/www.laorotava.es\/turismo\/#\/schema\/logo\/image\/\",\"url\":\"https:\/\/www.laorotava.es\/turismo\/wp-content\/uploads\/2022\/08\/logo.png\",\"contentUrl\":\"https:\/\/www.laorotava.es\/turismo\/wp-content\/uploads\/2022\/08\/logo.png\",\"width\":1195,\"height\":180,\"caption\":\"Ayuntamiento de La Orotava\"},\"image\":{\"@id\":\"https:\/\/www.laorotava.es\/turismo\/#\/schema\/logo\/image\/\"},\"sameAs\":[\"https:\/\/www.facebook.com\/TurismoLaOrotava\/\",\"https:\/\/x.com\/LaOrotava\"]}]}<\/script>\n<!-- \/ Yoast SEO plugin. -->","yoast_head_json":{"title":"Museo de Artesan\u00eda Iberoamericana - MAIT - Web de Turismo del Ayuntamiento de La Orotava","robots":{"index":"index","follow":"follow","max-snippet":"max-snippet:-1","max-image-preview":"max-image-preview:large","max-video-preview":"max-video-preview:-1"},"canonical":"https:\/\/www.laorotava.es\/turismo\/museo-de-artesania-iberoamericana-mait\/","og_locale":"es_ES","og_type":"article","og_title":"Museo de Artesan\u00eda Iberoamericana - MAIT - Web de Turismo del Ayuntamiento de La Orotava","og_description":"El Museo de Artesan\u00eda Iberoamericana de Tenerife-M.A.I.T. tiene su sede en la Orotava, en el ex-convento de San Benito Abad, regentado por la orden de los dominicos (en la actualidad ex-convento de Santo Domingo), del siglo XVII, y dependiente del Cabildo Insular de Tenerife. En el siglo XVIII, el Convento se convierte en uno de los m\u00e1s importantes de la provincia por la belleza de sus instalaciones (el arco de piedra de la entrada, el Claustro, los techos de madera, la escalera de piedra) que recogen parte del trabajo realizado por el arquitecto, escultor y dorador canario, Antonio de Orbar\u00e1n. Con el objetivo de dar a conocer la realidad artesana de un modo inmediato y tangible, se crea una gran exposici\u00f3n permanente, representativa de todas las artesan\u00edas iberoamericanas, tanto actuales como desaparecidas, con especial incidencia en la canaria. Unas y otras proceden de importantes colecciones cedidas por los organismos patrocinadores, adem\u00e1s de las adquiridas por el propio centro y las donaciones particulares, confirmando muestras tan atractivas como la importante colecci\u00f3n &#8220;Arte popular en Am\u00e9rica y Filipinas&#8221;, Los Premios Regionales de Dise\u00f1o de Artesan\u00eda Canaria, los instrumentos musicales populares de Espa\u00f1a y Am\u00e9rica o la alfarer\u00eda popular espa\u00f1ola. &nbsp; Horario: de lunes a viernes de 10:00 a 15:00 horas Direcci\u00f3n:&nbsp;calle Tom\u00e1s Zerolo, n\u00ba 34. La Orotava. Precio: 2 euros visitantes, residentes en Tenerife gratis. Tel\u00e9fono:&nbsp;922.32.81.60 (Para m\u00e1s informaci\u00f3n: perfil de Facebook)","og_url":"https:\/\/www.laorotava.es\/turismo\/museo-de-artesania-iberoamericana-mait\/","og_site_name":"Web de Turismo del Ayuntamiento de La Orotava","article_publisher":"https:\/\/www.facebook.com\/TurismoLaOrotava\/","og_image":[{"width":230,"height":164,"url":"https:\/\/www.laorotava.es\/turismo\/wp-content\/uploads\/2017\/06\/5fa7b986bb38aca80618e26530b1827f0a6e764c6ee57c1211pimgpsh_thumbnail_win_distr.jpg","type":"image\/jpeg"}],"twitter_card":"summary_large_image","twitter_site":"@LaOrotava","twitter_misc":{"Tiempo de lectura":"1 minuto"},"schema":{"@context":"https:\/\/schema.org","@graph":[{"@type":"WebPage","@id":"https:\/\/www.laorotava.es\/turismo\/museo-de-artesania-iberoamericana-mait\/","url":"https:\/\/www.laorotava.es\/turismo\/museo-de-artesania-iberoamericana-mait\/","name":"Museo de Artesan\u00eda Iberoamericana - MAIT - Web de Turismo del Ayuntamiento de La Orotava","isPartOf":{"@id":"https:\/\/www.laorotava.es\/turismo\/#website"},"primaryImageOfPage":{"@id":"https:\/\/www.laorotava.es\/turismo\/museo-de-artesania-iberoamericana-mait\/#primaryimage"},"image":{"@id":"https:\/\/www.laorotava.es\/turismo\/museo-de-artesania-iberoamericana-mait\/#primaryimage"},"thumbnailUrl":"https:\/\/www.laorotava.es\/turismo\/wp-content\/uploads\/2017\/06\/5fa7b986bb38aca80618e26530b1827f0a6e764c6ee57c1211pimgpsh_thumbnail_win_distr.jpg","datePublished":"2017-05-27T10:50:41+00:00","breadcrumb":{"@id":"https:\/\/www.laorotava.es\/turismo\/museo-de-artesania-iberoamericana-mait\/#breadcrumb"},"inLanguage":"es","potentialAction":[{"@type":"ReadAction","target":["https:\/\/www.laorotava.es\/turismo\/museo-de-artesania-iberoamericana-mait\/"]}]},{"@type":"ImageObject","inLanguage":"es","@id":"https:\/\/www.laorotava.es\/turismo\/museo-de-artesania-iberoamericana-mait\/#primaryimage","url":"https:\/\/www.laorotava.es\/turismo\/wp-content\/uploads\/2017\/06\/5fa7b986bb38aca80618e26530b1827f0a6e764c6ee57c1211pimgpsh_thumbnail_win_distr.jpg","contentUrl":"https:\/\/www.laorotava.es\/turismo\/wp-content\/uploads\/2017\/06\/5fa7b986bb38aca80618e26530b1827f0a6e764c6ee57c1211pimgpsh_thumbnail_win_distr.jpg","width":230,"height":164,"caption":"Museo de Artesan\u00eda Iberoamericana de Tenerife"},{"@type":"BreadcrumbList","@id":"https:\/\/www.laorotava.es\/turismo\/museo-de-artesania-iberoamericana-mait\/#breadcrumb","itemListElement":[{"@type":"ListItem","position":1,"name":"Portada","item":"https:\/\/www.laorotava.es\/turismo\/"},{"@type":"ListItem","position":2,"name":"Museo de Artesan\u00eda Iberoamericana &#8211; MAIT"}]},{"@type":"WebSite","@id":"https:\/\/www.laorotava.es\/turismo\/#website","url":"https:\/\/www.laorotava.es\/turismo\/","name":"Web de Turismo del Ayuntamiento de La Orotava","description":"","publisher":{"@id":"https:\/\/www.laorotava.es\/turismo\/#organization"},"potentialAction":[{"@type":"SearchAction","target":{"@type":"EntryPoint","urlTemplate":"https:\/\/www.laorotava.es\/turismo\/?s={search_term_string}"},"query-input":{"@type":"PropertyValueSpecification","valueRequired":true,"valueName":"search_term_string"}}],"inLanguage":"es"},{"@type":"Organization","@id":"https:\/\/www.laorotava.es\/turismo\/#organization","name":"Ayuntamiento de La Orotava","url":"https:\/\/www.laorotava.es\/turismo\/","logo":{"@type":"ImageObject","inLanguage":"es","@id":"https:\/\/www.laorotava.es\/turismo\/#\/schema\/logo\/image\/","url":"https:\/\/www.laorotava.es\/turismo\/wp-content\/uploads\/2022\/08\/logo.png","contentUrl":"https:\/\/www.laorotava.es\/turismo\/wp-content\/uploads\/2022\/08\/logo.png","width":1195,"height":180,"caption":"Ayuntamiento de La Orotava"},"image":{"@id":"https:\/\/www.laorotava.es\/turismo\/#\/schema\/logo\/image\/"},"sameAs":["https:\/\/www.facebook.com\/TurismoLaOrotava\/","https:\/\/x.com\/LaOrotava"]}]}},"_links":{"self":[{"href":"https:\/\/www.laorotava.es\/turismo\/wp-json\/wp\/v2\/pages\/603","targetHints":{"allow":["GET"]}}],"collection":[{"href":"https:\/\/www.laorotava.es\/turismo\/wp-json\/wp\/v2\/pages"}],"about":[{"href":"https:\/\/www.laorotava.es\/turismo\/wp-json\/wp\/v2\/types\/page"}],"author":[{"embeddable":true,"href":"https:\/\/www.laorotava.es\/turismo\/wp-json\/wp\/v2\/users\/3"}],"replies":[{"embeddable":true,"href":"https:\/\/www.laorotava.es\/turismo\/wp-json\/wp\/v2\/comments?post=603"}],"version-history":[{"count":0,"href":"https:\/\/www.laorotava.es\/turismo\/wp-json\/wp\/v2\/pages\/603\/revisions"}],"wp:featuredmedia":[{"embeddable":true,"href":"https:\/\/www.laorotava.es\/turismo\/wp-json\/wp\/v2\/media\/597"}],"wp:attachment":[{"href":"https:\/\/www.laorotava.es\/turismo\/wp-json\/wp\/v2\/media?parent=603"}],"curies":[{"name":"wp","href":"https:\/\/api.w.org\/{rel}","templated":true}]}}